Last updated on 2025-10-23 21:51:46 CEST.
Flavor | Version | Tinstall | Tcheck | Ttotal | Status | Flags |
---|---|---|---|---|---|---|
r-devel-linux-x86_64-debian-clang | 1.0.2 | 48.27 | 25.69 | 73.96 | OK | |
r-devel-linux-x86_64-debian-gcc | 1.0.2 | 39.67 | 21.31 | 60.98 | OK | |
r-devel-linux-x86_64-fedora-clang | 1.0.2 | 98.00 | 5.85 | 103.85 | OK | |
r-devel-linux-x86_64-fedora-gcc | 1.0.2 | 81.00 | 19.79 | 100.79 | OK | |
r-devel-windows-x86_64 | 1.0.2 | 45.00 | 44.00 | 89.00 | OK | |
r-patched-linux-x86_64 | 1.0.2 | 45.88 | 25.23 | 71.11 | OK | |
r-release-linux-x86_64 | 1.0.2 | 42.65 | 25.07 | 67.72 | OK | |
r-release-macos-arm64 | 1.0.2 | 38.00 | 22.00 | 60.00 | OK | |
r-release-macos-x86_64 | 1.0.2 | 55.00 | 34.00 | 89.00 | OK | |
r-release-windows-x86_64 | 1.0.2 | 44.00 | 46.00 | 90.00 | OK | |
r-oldrel-macos-arm64 | 1.0.2 | 41.00 | 19.00 | 60.00 | NOTE | |
r-oldrel-macos-x86_64 | 1.0.2 | 38.00 | 27.00 | 65.00 | NOTE | |
r-oldrel-windows-x86_64 | 1.0.2 | 51.00 | 52.00 | 103.00 | NOTE |
Version: 1.0.2
Check: installed package size
Result: NOTE
installed size is 7.4Mb
sub-directories of 1Mb or more:
data 7.3Mb
Flavors: r-oldrel-macos-arm64, r-oldrel-macos-x86_64, r-oldrel-windows-x86_64
These binaries (installable software) and packages are in development.
They may not be fully stable and should be used with caution. We make no claims about them.