Last updated on 2025-02-16 08:51:04 CET.
Flavor | Version | Tinstall | Tcheck | Ttotal | Status | Flags |
---|---|---|---|---|---|---|
r-devel-linux-x86_64-debian-clang | 1.0.2 | 39.11 | 23.22 | 62.33 | OK | |
r-devel-linux-x86_64-debian-gcc | 1.0.2 | 40.29 | 19.26 | 59.55 | OK | |
r-devel-linux-x86_64-fedora-clang | 1.0.2 | 104.81 | OK | |||
r-devel-linux-x86_64-fedora-gcc | 1.0.2 | 103.23 | OK | |||
r-devel-macos-arm64 | 1.0.2 | 55.00 | OK | |||
r-devel-macos-x86_64 | 1.0.2 | 81.00 | OK | |||
r-devel-windows-x86_64 | 1.0.2 | 45.00 | 45.00 | 90.00 | OK | |
r-patched-linux-x86_64 | 1.0.2 | 46.60 | 23.25 | 69.85 | OK | |
r-release-linux-x86_64 | 1.0.2 | 42.26 | 23.37 | 65.63 | OK | |
r-release-macos-arm64 | 1.0.2 | 60.00 | NOTE | |||
r-release-macos-x86_64 | 1.0.2 | 65.00 | NOTE | |||
r-release-windows-x86_64 | 1.0.2 | 44.00 | 46.00 | 90.00 | NOTE | |
r-oldrel-macos-arm64 | 1.0.2 | 55.00 | NOTE | |||
r-oldrel-macos-x86_64 | 1.0.2 | 73.00 | NOTE | |||
r-oldrel-windows-x86_64 | 1.0.2 | 38.00 | 54.00 | 92.00 | NOTE |
Version: 1.0.2
Check: installed package size
Result: NOTE
installed size is 7.4Mb
sub-directories of 1Mb or more:
data 7.3Mb
Flavors: r-release-macos-arm64, r-release-macos-x86_64, r-release-windows-x86_64, r-oldrel-macos-arm64, r-oldrel-macos-x86_64, r-oldrel-windows-x86_64
These binaries (installable software) and packages are in development.
They may not be fully stable and should be used with caution. We make no claims about them.