Last updated on 2025-07-02 03:50:55 CEST.
Flavor | Version | Tinstall | Tcheck | Ttotal | Status | Flags |
---|---|---|---|---|---|---|
r-devel-linux-x86_64-debian-clang | 0.3.1 | 9.14 | 6.44 | 15.58 | ERROR | |
r-devel-linux-x86_64-debian-gcc | 0.3.1 | 7.07 | 5.02 | 12.09 | ERROR | |
r-devel-linux-x86_64-fedora-clang | 0.3.1 | 148.03 | OK | |||
r-devel-linux-x86_64-fedora-gcc | 0.3.1 | 137.81 | OK | |||
r-devel-windows-x86_64 | 0.3.1 | 12.00 | 88.00 | 100.00 | OK | |
r-patched-linux-x86_64 | ERROR | |||||
r-release-linux-x86_64 | 0.3.1 | 7.56 | 4.60 | 12.16 | ERROR | |
r-release-macos-arm64 | 0.3.1 | 46.00 | OK | |||
r-release-macos-x86_64 | 0.3.1 | 85.00 | OK | |||
r-release-windows-x86_64 | 0.3.1 | 13.00 | 89.00 | 102.00 | OK | |
r-oldrel-macos-arm64 | 0.3.1 | 31.00 | OK | |||
r-oldrel-macos-x86_64 | 0.3.1 | 77.00 | OK | |||
r-oldrel-windows-x86_64 | 0.3.1 | 11.00 | 112.00 | 123.00 | OK |
Version: 0.3.1
Check: whether the package can be loaded
Result: ERROR
Loading this package had a fatal error status code 1
Loading log:
Error: package or namespace load failed for ‘torchdatasets’:
.onLoad failed in loadNamespace() for 'torch', details:
call: inst_path()
error: torch cannot write into
'/home/hornik/tmp/R.check/r-devel-clang/Work/build/Packages/torch/'.
Execution halted
Flavor: r-devel-linux-x86_64-debian-clang
Version: 0.3.1
Check: whether the package can be loaded
Result: ERROR
Loading this package had a fatal error status code 1
Loading log:
Error: package or namespace load failed for ‘torchdatasets’:
.onLoad failed in loadNamespace() for 'torch', details:
call: inst_path()
error: torch cannot write into
'/home/hornik/tmp/R.check/r-devel-gcc/Work/build/Packages/torch/'.
Execution halted
Flavor: r-devel-linux-x86_64-debian-gcc
Version: 0.3.1
Check: whether the package can be loaded
Result: ERROR
Loading this package had a fatal error status code 1
Loading log:
Error: package or namespace load failed for ‘torchdatasets’:
.onLoad failed in loadNamespace() for 'torch', details:
call: inst_path()
error: torch cannot write into
'/home/hornik/tmp/R.check/r-patched-gcc/Work/build/Packages/torch/'.
Execution halted
Flavor: r-patched-linux-x86_64
Version: 0.3.1
Check: whether the package can be loaded
Result: ERROR
Loading this package had a fatal error status code 1
Loading log:
Error: package or namespace load failed for ‘torchdatasets’:
.onLoad failed in loadNamespace() for 'torch', details:
call: inst_path()
error: torch cannot write into
'/home/hornik/tmp/R.check/r-release-gcc/Work/build/Packages/torch/'.
Execution halted
Flavor: r-release-linux-x86_64
These binaries (installable software) and packages are in development.
They may not be fully stable and should be used with caution. We make no claims about them.