CRAN Package Check Results for Package torchvisionlib

Last updated on 2025-11-13 01:50:37 CET.

Flavor Version Tinstall Tcheck Ttotal Status Flags
r-devel-linux-x86_64-debian-clang 0.6.0 25.02 143.84 168.86 OK
r-devel-linux-x86_64-debian-gcc 0.6.0 24.16 106.17 130.33 OK
r-devel-linux-x86_64-fedora-clang 0.6.0 194.00 104.33 298.33 OK
r-devel-linux-x86_64-fedora-gcc 0.6.0 86.00 193.21 279.21 OK
r-devel-windows-x86_64 0.6.0 44.00 89.00 133.00 NOTE
r-patched-linux-x86_64 0.6.0 23.96 139.15 163.11 OK
r-release-linux-x86_64 0.6.0 23.11 138.05 161.16 OK
r-release-macos-arm64 0.6.0 16.00 35.00 51.00 OK
r-release-macos-x86_64 0.6.0 20.00 94.00 114.00 OK
r-release-windows-x86_64 0.6.0 39.00 136.00 175.00 NOTE
r-oldrel-macos-arm64 0.6.0 12.00 41.00 53.00 OK
r-oldrel-macos-x86_64 0.6.0 19.00 94.00 113.00 OK
r-oldrel-windows-x86_64 0.6.0 57.00 172.00 229.00 NOTE

Check Details

Version: 0.6.0
Check: whether startup messages can be suppressed
Result: NOTE Torch libraries are installed but loading them was unsuccessful. It looks like this package (or a package it requires) has a startup message which cannot be suppressed: see ?packageStartupMessage. Flavors: r-devel-windows-x86_64, r-release-windows-x86_64, r-oldrel-windows-x86_64

These binaries (installable software) and packages are in development.
They may not be fully stable and should be used with caution. We make no claims about them.