Last updated on 2025-11-12 12:53:25 CET.
| Flavor | Version | Tinstall | Tcheck | Ttotal | Status | Flags |
|---|---|---|---|---|---|---|
| r-devel-linux-x86_64-debian-clang | 0.3-4 | 10.81 | 94.01 | 104.82 | OK | |
| r-devel-linux-x86_64-debian-gcc | 0.3-4 | 6.55 | 62.56 | 69.11 | OK | |
| r-devel-linux-x86_64-fedora-clang | 0.3-4 | 22.00 | 140.01 | 162.01 | OK | |
| r-devel-linux-x86_64-fedora-gcc | 0.3-4 | 23.00 | 144.13 | 167.13 | OK | |
| r-devel-windows-x86_64 | 0.3-4 | 12.00 | 134.00 | 146.00 | OK | |
| r-patched-linux-x86_64 | 0.3-4 | 10.16 | 87.63 | 97.79 | OK | |
| r-release-linux-x86_64 | 0.3-4 | 9.92 | 87.41 | 97.33 | OK | |
| r-release-macos-arm64 | 0.3-4 | 5.00 | 82.00 | 87.00 | OK | |
| r-release-macos-x86_64 | 0.3-4 | 10.00 | 127.00 | 137.00 | OK | |
| r-release-windows-x86_64 | 0.3-4 | 13.00 | 134.00 | 147.00 | OK | |
| r-oldrel-macos-arm64 | 0.3-4 | 6.00 | 80.00 | 86.00 | NOTE | |
| r-oldrel-macos-x86_64 | 0.3-4 | 13.00 | 141.00 | 154.00 | NOTE | |
| r-oldrel-windows-x86_64 | 0.3-4 | 15.00 | 156.00 | 171.00 | NOTE |
Version: 0.3-4
Check: package dependencies
Result: NOTE
Package suggested but not available for checking: ‘toscaData’
Flavors: r-oldrel-macos-arm64, r-oldrel-macos-x86_64, r-oldrel-windows-x86_64
These binaries (installable software) and packages are in development.
They may not be fully stable and should be used with caution. We make no claims about them.