Last updated on 2024-07-27 15:50:36 CEST.
Flavor | Version | Tinstall | Tcheck | Ttotal | Status | Flags |
---|---|---|---|---|---|---|
r-devel-linux-x86_64-debian-clang | 0.6.6 | 18.98 | 69.27 | 88.25 | OK | |
r-devel-linux-x86_64-debian-gcc | 0.6.6 | OK | ||||
r-devel-linux-x86_64-fedora-clang | 0.6.6 | 113.10 | NOTE | |||
r-devel-linux-x86_64-fedora-gcc | 0.6.6 | 108.42 | NOTE | |||
r-devel-windows-x86_64 | 0.6.6 | 19.00 | 79.00 | 98.00 | OK | |
r-patched-linux-x86_64 | 0.6.6 | OK | ||||
r-release-linux-x86_64 | 0.6.6 | 16.25 | 65.93 | 82.18 | OK | |
r-release-macos-arm64 | 0.6.6 | 33.00 | NOTE | |||
r-release-macos-x86_64 | 0.6.6 | 50.00 | NOTE | |||
r-release-windows-x86_64 | 0.6.6 | 17.00 | 80.00 | 97.00 | OK | |
r-oldrel-macos-arm64 | 0.6.6 | 35.00 | OK | |||
r-oldrel-macos-x86_64 | 0.6.6 | 53.00 | NOTE | |||
r-oldrel-windows-x86_64 | 0.6.6 | 20.00 | 89.00 | 109.00 | OK |
Version: 0.6.6
Check: data for non-ASCII characters
Result: NOTE
Note: found 100 marked Latin-1 strings
Note: found 548 marked UTF-8 strings
Flavors: r-devel-linux-x86_64-fedora-clang, r-devel-linux-x86_64-fedora-gcc
Version: 0.6.6
Check: installed package size
Result: NOTE
installed size is 5.6Mb
sub-directories of 1Mb or more:
data 5.2Mb
Flavors: r-release-macos-arm64, r-release-macos-x86_64, r-oldrel-macos-x86_64
These binaries (installable software) and packages are in development.
They may not be fully stable and should be used with caution. We make no claims about them.