CRAN Package Check Results for Package totalcensus

Last updated on 2025-07-02 03:50:55 CEST.

Flavor Version Tinstall Tcheck Ttotal Status Flags
r-devel-linux-x86_64-debian-clang 0.6.6 15.24 57.67 72.91 NOTE
r-devel-linux-x86_64-debian-gcc 0.6.6 8.94 40.73 49.67 NOTE
r-devel-linux-x86_64-fedora-clang 0.6.6 111.66 OK
r-devel-linux-x86_64-fedora-gcc 0.6.6 105.96 OK
r-devel-windows-x86_64 0.6.6 18.00 78.00 96.00 OK
r-patched-linux-x86_64 OK
r-release-linux-x86_64 0.6.6 15.43 52.24 67.67 OK
r-release-macos-arm64 0.6.6 41.00 OK
r-release-macos-x86_64 0.6.6 66.00 OK
r-release-windows-x86_64 0.6.6 17.00 77.00 94.00 OK
r-oldrel-macos-arm64 0.6.6 33.00 NOTE
r-oldrel-macos-x86_64 0.6.6 50.00 NOTE
r-oldrel-windows-x86_64 0.6.6 21.00 92.00 113.00 OK

Check Details

Version: 0.6.6
Check: CRAN incoming feasibility
Result: NOTE Maintainer: ‘Guanglai Li <liguanglai@gmail.com>’ No Authors@R field in DESCRIPTION. Please add one, modifying Authors@R: person(given = "Guanglai", family = "Li", role = c("aut", "cre"), email = "liguanglai@gmail.com") as necessary. Flavors: r-devel-linux-x86_64-debian-clang, r-devel-linux-x86_64-debian-gcc

Version: 0.6.6
Check: installed package size
Result: NOTE installed size is 5.6Mb sub-directories of 1Mb or more: data 5.2Mb Flavors: r-oldrel-macos-arm64, r-oldrel-macos-x86_64

These binaries (installable software) and packages are in development.
They may not be fully stable and should be used with caution. We make no claims about them.