Last updated on 2025-11-16 03:50:16 CET.
| Flavor | Version | Tinstall | Tcheck | Ttotal | Status | Flags |
|---|---|---|---|---|---|---|
| r-devel-linux-x86_64-debian-clang | 0.1-6 | 21.09 | 38.67 | 59.76 | NOTE | |
| r-devel-linux-x86_64-debian-gcc | 0.1-6 | 15.86 | 30.68 | 46.54 | NOTE | |
| r-devel-linux-x86_64-fedora-clang | 0.1-6 | 44.00 | 48.55 | 92.55 | NOTE | |
| r-devel-linux-x86_64-fedora-gcc | 0.1-6 | 49.00 | 43.19 | 92.19 | NOTE | |
| r-devel-windows-x86_64 | 0.1-6 | 27.00 | 75.00 | 102.00 | NOTE | |
| r-patched-linux-x86_64 | 0.1-6 | 23.07 | 36.12 | 59.19 | NOTE | |
| r-release-linux-x86_64 | 0.1-6 | 22.11 | 36.18 | 58.29 | NOTE | |
| r-release-macos-arm64 | 0.1-6 | 10.00 | 25.00 | 35.00 | NOTE | |
| r-release-macos-x86_64 | 0.1-6 | 16.00 | 36.00 | 52.00 | NOTE | |
| r-release-windows-x86_64 | 0.1-6 | 24.00 | 74.00 | 98.00 | NOTE | |
| r-oldrel-macos-arm64 | 0.1-6 | 12.00 | 22.00 | 34.00 | NOTE | |
| r-oldrel-macos-x86_64 | 0.1-6 | 13.00 | 29.00 | 42.00 | NOTE | |
| r-oldrel-windows-x86_64 | 0.1-6 | 24.00 | 89.00 | 113.00 | NOTE |
Version: 0.1-6
Check: CRAN incoming feasibility
Result: NOTE
Maintainer: ‘Wenjie Wang <wang@wwenjie.org>’
Package CITATION file contains call(s) to old-style personList() or
as.personList(). Please use c() on person objects instead.
Package CITATION file contains call(s) to old-style citEntry(). Please
use bibentry() instead.
Flavors: r-devel-linux-x86_64-debian-clang, r-devel-linux-x86_64-debian-gcc
Version: 0.1-6
Check: C++ specification
Result: NOTE
Specified C++11: please drop specification unless essential
Flavors: r-devel-linux-x86_64-debian-clang, r-devel-linux-x86_64-debian-gcc, r-devel-linux-x86_64-fedora-clang, r-devel-linux-x86_64-fedora-gcc, r-devel-windows-x86_64, r-patched-linux-x86_64, r-release-linux-x86_64, r-release-macos-arm64, r-release-macos-x86_64, r-release-windows-x86_64, r-oldrel-macos-arm64, r-oldrel-macos-x86_64, r-oldrel-windows-x86_64
These binaries (installable software) and packages are in development.
They may not be fully stable and should be used with caution. We make no claims about them.