Last updated on 2025-02-16 08:51:04 CET.
Flavor | Version | Tinstall | Tcheck | Ttotal | Status | Flags |
---|---|---|---|---|---|---|
r-devel-linux-x86_64-debian-clang | 0.1-6 | 19.13 | 34.93 | 54.06 | NOTE | |
r-devel-linux-x86_64-debian-gcc | 0.1-6 | 15.69 | 27.96 | 43.65 | NOTE | |
r-devel-linux-x86_64-fedora-clang | 0.1-6 | 95.26 | NOTE | |||
r-devel-linux-x86_64-fedora-gcc | 0.1-6 | 95.31 | NOTE | |||
r-devel-macos-arm64 | 0.1-6 | 31.00 | NOTE | |||
r-devel-macos-x86_64 | 0.1-6 | 50.00 | NOTE | |||
r-devel-windows-x86_64 | 0.1-6 | 21.00 | 82.00 | 103.00 | NOTE | |
r-patched-linux-x86_64 | 0.1-6 | 22.43 | 33.74 | 56.17 | NOTE | |
r-release-linux-x86_64 | 0.1-6 | 21.22 | 33.97 | 55.19 | NOTE | |
r-release-macos-arm64 | 0.1-6 | 34.00 | NOTE | |||
r-release-macos-x86_64 | 0.1-6 | 42.00 | NOTE | |||
r-release-windows-x86_64 | 0.1-6 | 22.00 | 79.00 | 101.00 | NOTE | |
r-oldrel-macos-arm64 | 0.1-6 | 36.00 | NOTE | |||
r-oldrel-macos-x86_64 | 0.1-6 | 54.00 | NOTE | |||
r-oldrel-windows-x86_64 | 0.1-6 | 22.00 | 84.00 | 106.00 | NOTE |
Version: 0.1-6
Check: C++ specification
Result: NOTE
Specified C++11: please drop specification unless essential
Flavors: r-devel-linux-x86_64-debian-clang, r-devel-linux-x86_64-debian-gcc, r-devel-linux-x86_64-fedora-clang, r-devel-linux-x86_64-fedora-gcc, r-devel-macos-arm64, r-devel-macos-x86_64, r-devel-windows-x86_64, r-patched-linux-x86_64, r-release-linux-x86_64, r-release-macos-arm64, r-release-macos-x86_64, r-release-windows-x86_64, r-oldrel-macos-arm64, r-oldrel-macos-x86_64, r-oldrel-windows-x86_64
These binaries (installable software) and packages are in development.
They may not be fully stable and should be used with caution. We make no claims about them.