Last updated on 2024-07-27 15:50:36 CEST.
Flavor | Version | Tinstall | Tcheck | Ttotal | Status | Flags |
---|---|---|---|---|---|---|
r-devel-linux-x86_64-debian-clang | 1.2.0 | 8.01 | 91.45 | 99.46 | OK | |
r-devel-linux-x86_64-debian-gcc | 1.2.0 | OK | ||||
r-devel-linux-x86_64-fedora-clang | 1.2.0 | 130.58 | NOTE | |||
r-devel-linux-x86_64-fedora-gcc | 1.2.0 | 144.51 | OK | |||
r-devel-windows-x86_64 | 1.2.0 | 9.00 | 126.00 | 135.00 | OK | |
r-patched-linux-x86_64 | 1.2.0 | OK | ||||
r-release-linux-x86_64 | 1.2.0 | 6.16 | 90.03 | 96.19 | OK | |
r-release-macos-arm64 | 1.2.0 | 71.00 | OK | |||
r-release-macos-x86_64 | 1.2.0 | 87.00 | OK | |||
r-release-windows-x86_64 | 1.2.0 | 8.00 | 125.00 | 133.00 | OK | |
r-oldrel-macos-arm64 | 1.2.0 | 64.00 | OK | |||
r-oldrel-macos-x86_64 | 1.2.0 | 111.00 | OK | |||
r-oldrel-windows-x86_64 | 1.2.0 | 10.00 | 137.00 | 147.00 | OK |
Version: 1.2.0
Check: Rd cross-references
Result: NOTE
Undeclared package ‘TeachingDemos’ in Rd xrefs
Flavor: r-devel-linux-x86_64-fedora-clang
These binaries (installable software) and packages are in development.
They may not be fully stable and should be used with caution. We make no claims about them.