Last updated on 2025-05-01 12:49:43 CEST.
Flavor | Version | Tinstall | Tcheck | Ttotal | Status | Flags |
---|---|---|---|---|---|---|
r-devel-linux-x86_64-debian-clang | 0.2.0 | 1.63 | 25.44 | 27.07 | NOTE | |
r-devel-linux-x86_64-debian-gcc | 0.2.0 | 1.52 | 20.33 | 21.85 | NOTE | |
r-devel-linux-x86_64-fedora-clang | 0.2.0 | 41.04 | NOTE | |||
r-devel-linux-x86_64-fedora-gcc | 0.2.0 | 39.06 | NOTE | |||
r-devel-windows-x86_64 | 0.2.0 | 3.00 | 55.00 | 58.00 | NOTE | |
r-patched-linux-x86_64 | 0.2.0 | 2.22 | 23.41 | 25.63 | NOTE | |
r-release-linux-x86_64 | NOTE | |||||
r-release-macos-arm64 | 0.2.0 | 22.00 | NOTE | |||
r-release-macos-x86_64 | 0.2.0 | 33.00 | NOTE | |||
r-release-windows-x86_64 | 0.2.0 | 3.00 | 57.00 | 60.00 | NOTE | |
r-oldrel-macos-arm64 | 0.2.0 | 19.00 | OK | |||
r-oldrel-macos-x86_64 | 0.2.0 | 28.00 | OK | |||
r-oldrel-windows-x86_64 | 0.2.0 | 5.00 | 56.00 | 61.00 | OK |
Version: 0.2.0
Check: DESCRIPTION meta-information
Result: NOTE
Missing dependency on R >= 4.1.0 because package code uses the pipe
|> or function shorthand \(...) syntax added in R 4.1.0.
File(s) using such syntax:
‘response_builder.R’
Flavors: r-devel-linux-x86_64-debian-clang, r-devel-linux-x86_64-debian-gcc, r-devel-linux-x86_64-fedora-clang, r-devel-linux-x86_64-fedora-gcc, r-devel-windows-x86_64, r-patched-linux-x86_64, r-release-linux-x86_64, r-release-macos-arm64, r-release-macos-x86_64, r-release-windows-x86_64
These binaries (installable software) and packages are in development.
They may not be fully stable and should be used with caution. We make no claims about them.