Last updated on 2025-05-01 15:49:47 CEST.
Flavor | Version | Tinstall | Tcheck | Ttotal | Status | Flags |
---|---|---|---|---|---|---|
r-devel-linux-x86_64-debian-clang | 1.4.0 | 14.75 | 135.73 | 150.48 | NOTE | |
r-devel-linux-x86_64-debian-gcc | 1.4.0 | 11.09 | 94.32 | 105.41 | OK | |
r-devel-linux-x86_64-fedora-clang | 1.4.0 | 207.70 | OK | |||
r-devel-linux-x86_64-fedora-gcc | 1.4.0 | 228.46 | OK | |||
r-devel-windows-x86_64 | 1.4.0 | 19.00 | 155.00 | 174.00 | OK | |
r-patched-linux-x86_64 | 1.4.0 | 12.60 | 127.32 | 139.92 | OK | |
r-release-linux-x86_64 | OK | |||||
r-release-macos-arm64 | 1.4.0 | 78.00 | OK | |||
r-release-macos-x86_64 | 1.4.0 | 145.00 | OK | |||
r-release-windows-x86_64 | 1.4.0 | 17.00 | 158.00 | 175.00 | OK | |
r-oldrel-macos-arm64 | 1.4.0 | 77.00 | OK | |||
r-oldrel-macos-x86_64 | 1.4.0 | 133.00 | OK | |||
r-oldrel-windows-x86_64 | 1.4.0 | 20.00 | 186.00 | 206.00 | OK |
Version: 1.4.0
Check: examples
Result: NOTE
Examples with CPU (user + system) or elapsed time > 5s
user system elapsed
graph_data_prep 6.034 0.115 7.792
rank_sites_DT 4.577 0.047 5.952
Flavor: r-devel-linux-x86_64-debian-clang
These binaries (installable software) and packages are in development.
They may not be fully stable and should be used with caution. We make no claims about them.