Last updated on 2025-05-01 12:49:43 CEST.
Flavor | Version | Tinstall | Tcheck | Ttotal | Status | Flags |
---|---|---|---|---|---|---|
r-devel-linux-x86_64-debian-clang | 1.3.0 | 20.01 | 305.30 | 325.31 | NOTE | |
r-devel-linux-x86_64-debian-gcc | 1.3.0 | 13.52 | 216.54 | 230.06 | OK | |
r-devel-linux-x86_64-fedora-clang | 1.3.0 | 472.88 | OK | |||
r-devel-linux-x86_64-fedora-gcc | 1.3.0 | 441.83 | OK | |||
r-devel-windows-x86_64 | 1.3.0 | 21.00 | 197.00 | 218.00 | OK | |
r-patched-linux-x86_64 | 1.3.0 | 19.13 | 294.01 | 313.14 | OK | |
r-release-linux-x86_64 | OK | |||||
r-release-macos-arm64 | 1.3.0 | 98.00 | OK | |||
r-release-macos-x86_64 | 1.3.0 | 187.00 | OK | |||
r-release-windows-x86_64 | 1.3.0 | 21.00 | 203.00 | 224.00 | OK | |
r-oldrel-macos-arm64 | 1.3.0 | 91.00 | OK | |||
r-oldrel-macos-x86_64 | 1.3.0 | 141.00 | OK | |||
r-oldrel-windows-x86_64 | 1.3.0 | 26.00 | 244.00 | 270.00 | OK |
Version: 1.3.0
Check: examples
Result: NOTE
Examples with CPU (user + system) or elapsed time > 5s
user system elapsed
TxpResult-plot 4.056 0.056 5.012
Flavor: r-devel-linux-x86_64-debian-clang
These binaries (installable software) and packages are in development.
They may not be fully stable and should be used with caution. We make no claims about them.