CRAN Package Check Results for Package tpfp

Last updated on 2025-05-01 15:49:47 CEST.

Flavor Version Tinstall Tcheck Ttotal Status Flags
r-devel-linux-x86_64-debian-clang 0.0.1 2.06 26.54 28.60 OK
r-devel-linux-x86_64-debian-gcc 0.0.1 1.61 21.15 22.76 OK
r-devel-linux-x86_64-fedora-clang 0.0.1 45.51 NOTE
r-devel-linux-x86_64-fedora-gcc 0.0.1 57.49 NOTE
r-devel-windows-x86_64 0.0.1 4.00 54.00 58.00 OK
r-patched-linux-x86_64 0.0.1 2.18 25.43 27.61 OK
r-release-linux-x86_64 OK
r-release-macos-arm64 0.0.1 28.00 OK
r-release-macos-x86_64 0.0.1 44.00 OK
r-release-windows-x86_64 0.0.1 4.00 59.00 63.00 OK
r-oldrel-macos-arm64 0.0.1 25.00 OK
r-oldrel-macos-x86_64 0.0.1 36.00 OK
r-oldrel-windows-x86_64 0.0.1 4.00 54.00 58.00 OK

Check Details

Version: 0.0.1
Check: dependencies in R code
Result: NOTE Namespace in Imports field not imported from: ‘knitr’ All declared Imports should be used. Flavors: r-devel-linux-x86_64-fedora-clang, r-devel-linux-x86_64-fedora-gcc

These binaries (installable software) and packages are in development.
They may not be fully stable and should be used with caution. We make no claims about them.