Last updated on 2025-05-01 08:52:48 CEST.
Flavor | Version | Tinstall | Tcheck | Ttotal | Status | Flags |
---|---|---|---|---|---|---|
r-devel-linux-x86_64-debian-clang | 0.7.2 | 84.84 | 54.66 | 139.50 | NOTE | |
r-devel-linux-x86_64-debian-gcc | 0.7.2 | 57.82 | 38.61 | 96.43 | NOTE | |
r-devel-linux-x86_64-fedora-clang | 0.7.2 | 279.77 | OK | |||
r-devel-linux-x86_64-fedora-gcc | 0.7.2 | 258.57 | OK | |||
r-devel-windows-x86_64 | 0.7.2 | 102.00 | 101.00 | 203.00 | OK | |
r-patched-linux-x86_64 | 0.7.2 | 84.16 | 51.23 | 135.39 | OK | |
r-release-linux-x86_64 | OK | |||||
r-release-macos-arm64 | 0.7.2 | 85.00 | OK | |||
r-release-macos-x86_64 | 0.7.2 | 89.00 | OK | |||
r-release-windows-x86_64 | 0.7.2 | 105.00 | 105.00 | 210.00 | OK | |
r-oldrel-macos-arm64 | 0.7.2 | 67.00 | OK | |||
r-oldrel-macos-x86_64 | 0.7.2 | 77.00 | OK | |||
r-oldrel-windows-x86_64 | 0.7.2 | 113.00 | 118.00 | 231.00 | OK |
Version: 0.7.2
Check: CRAN incoming feasibility
Result: NOTE
Maintainer: ‘Marjolein Bruijning <m.bruijning@uva.nl>’
No Authors@R field in DESCRIPTION.
Please add one, modifying
Authors@R: c(person(given = "Marjolein",
family = "Bruijning",
role = c("aut", "cre"),
email = "m.bruijning@uva.nl"),
person(given = c("Marco", "D."),
family = "Visser",
role = "aut"),
person(given = c("Caspar", "A."),
family = "Hallmann",
role = "aut"),
person(given = "Eelke",
family = "Jongejans",
role = "aut"))
as necessary.
Flavors: r-devel-linux-x86_64-debian-clang, r-devel-linux-x86_64-debian-gcc
These binaries (installable software) and packages are in development.
They may not be fully stable and should be used with caution. We make no claims about them.