Last updated on 2025-02-16 08:51:04 CET.
Flavor | Version | Tinstall | Tcheck | Ttotal | Status | Flags |
---|---|---|---|---|---|---|
r-devel-linux-x86_64-debian-clang | 1.6.0 | 11.70 | 225.46 | 237.16 | NOTE | |
r-devel-linux-x86_64-debian-gcc | 1.6.0 | 8.12 | 151.41 | 159.53 | NOTE | |
r-devel-linux-x86_64-fedora-clang | 1.6.0 | 377.62 | OK | |||
r-devel-linux-x86_64-fedora-gcc | 1.6.0 | 385.17 | OK | |||
r-devel-macos-arm64 | 1.6.0 | 125.00 | OK | |||
r-devel-macos-x86_64 | 1.6.0 | 239.00 | OK | |||
r-devel-windows-x86_64 | 1.6.0 | 14.00 | 264.00 | 278.00 | NOTE | |
r-patched-linux-x86_64 | 1.6.0 | 18.44 | 213.32 | 231.76 | OK | |
r-release-linux-x86_64 | 1.6.0 | 8.78 | 213.03 | 221.81 | OK | |
r-release-macos-arm64 | 1.6.0 | 113.00 | NOTE | |||
r-release-macos-x86_64 | 1.6.0 | 183.00 | NOTE | |||
r-release-windows-x86_64 | 1.6.0 | 13.00 | 265.00 | 278.00 | NOTE | |
r-oldrel-macos-arm64 | 1.6.0 | 145.00 | NOTE | |||
r-oldrel-macos-x86_64 | 1.6.0 | 294.00 | NOTE | |||
r-oldrel-windows-x86_64 | 1.6.0 | 17.00 | 302.00 | 319.00 | NOTE |
Version: 1.6.0
Check: Rd cross-references
Result: NOTE
Found the following Rd file(s) with Rd \link{} targets missing package
anchors:
Wprime.Rd: foreach
read_directory.Rd: foreach
smoother_control.trackeRdata.Rd: foreach
zones.Rd: foreach
Please provide package anchors for all Rd \link{} targets not in the
package itself and the base packages.
Flavors: r-devel-linux-x86_64-debian-clang, r-devel-linux-x86_64-debian-gcc, r-devel-windows-x86_64
Version: 1.6.0
Check: installed package size
Result: NOTE
installed size is 6.3Mb
sub-directories of 1Mb or more:
data 2.4Mb
doc 2.8Mb
Flavors: r-release-macos-arm64, r-release-macos-x86_64, r-release-windows-x86_64, r-oldrel-macos-arm64, r-oldrel-macos-x86_64, r-oldrel-windows-x86_64
These binaries (installable software) and packages are in development.
They may not be fully stable and should be used with caution. We make no claims about them.