Last updated on 2025-05-01 08:52:48 CEST.
Flavor | Version | Tinstall | Tcheck | Ttotal | Status | Flags |
---|---|---|---|---|---|---|
r-devel-linux-x86_64-debian-clang | 1.2 | 16.90 | 112.94 | 129.84 | OK | |
r-devel-linux-x86_64-debian-gcc | 1.2 | 10.22 | 84.52 | 94.74 | OK | |
r-devel-linux-x86_64-fedora-clang | 1.2 | 185.55 | NOTE | |||
r-devel-linux-x86_64-fedora-gcc | 1.2 | 179.74 | NOTE | |||
r-devel-windows-x86_64 | 1.2 | 16.00 | 111.00 | 127.00 | OK | |
r-patched-linux-x86_64 | 1.2 | 11.97 | 106.01 | 117.98 | OK | |
r-release-linux-x86_64 | OK | |||||
r-release-macos-arm64 | 1.2 | 52.00 | OK | |||
r-release-macos-x86_64 | 1.2 | 94.00 | OK | |||
r-release-windows-x86_64 | 1.2 | 16.00 | 113.00 | 129.00 | OK | |
r-oldrel-macos-arm64 | 1.2 | 48.00 | OK | |||
r-oldrel-macos-x86_64 | 1.2 | 76.00 | OK | |||
r-oldrel-windows-x86_64 | 1.2 | 22.00 | 137.00 | 159.00 | OK |
Version: 1.2
Check: dependencies in R code
Result: NOTE
Namespaces in Imports field not imported from:
‘V8’ ‘colorspace’
All declared Imports should be used.
Flavors: r-devel-linux-x86_64-fedora-clang, r-devel-linux-x86_64-fedora-gcc
These binaries (installable software) and packages are in development.
They may not be fully stable and should be used with caution. We make no claims about them.