Last updated on 2025-10-23 21:51:46 CEST.
Flavor | Version | Tinstall | Tcheck | Ttotal | Status | Flags |
---|---|---|---|---|---|---|
r-devel-linux-x86_64-debian-clang | 1.2 | 17.12 | 124.38 | 141.50 | OK | |
r-devel-linux-x86_64-debian-gcc | 1.2 | 11.95 | 87.29 | 99.24 | OK | |
r-devel-linux-x86_64-fedora-clang | 1.2 | 89.00 | 135.76 | 224.76 | NOTE | |
r-devel-linux-x86_64-fedora-gcc | 1.2 | 36.00 | 176.41 | 212.41 | NOTE | |
r-devel-windows-x86_64 | 1.2 | 18.00 | 111.00 | 129.00 | OK | |
r-patched-linux-x86_64 | 1.2 | 15.51 | 115.79 | 131.30 | OK | |
r-release-linux-x86_64 | 1.2 | 16.41 | 118.31 | 134.72 | OK | |
r-release-macos-arm64 | 1.2 | 6.00 | 46.00 | 52.00 | OK | |
r-release-macos-x86_64 | 1.2 | 12.00 | 82.00 | 94.00 | OK | |
r-release-windows-x86_64 | 1.2 | 18.00 | 113.00 | 131.00 | OK | |
r-oldrel-macos-arm64 | 1.2 | 6.00 | 42.00 | 48.00 | OK | |
r-oldrel-macos-x86_64 | 1.2 | 10.00 | 66.00 | 76.00 | OK | |
r-oldrel-windows-x86_64 | 1.2 | 25.00 | 150.00 | 175.00 | OK |
Version: 1.2
Check: dependencies in R code
Result: NOTE
Namespaces in Imports field not imported from:
‘V8’ ‘colorspace’
All declared Imports should be used.
Flavors: r-devel-linux-x86_64-fedora-clang, r-devel-linux-x86_64-fedora-gcc
These binaries (installable software) and packages are in development.
They may not be fully stable and should be used with caution. We make no claims about them.