CRAN Package Check Results for Package tradeoffaucdim

Last updated on 2025-07-26 00:49:20 CEST.

Flavor Version Tinstall Tcheck Ttotal Status Flags
r-devel-linux-x86_64-debian-clang 0.1.0 14.29 151.53 165.82 OK
r-devel-linux-x86_64-debian-gcc 0.1.0 9.15 98.30 107.45 OK
r-devel-linux-x86_64-fedora-clang 0.1.0 264.29 NOTE
r-devel-linux-x86_64-fedora-gcc 0.1.0 248.17 NOTE
r-devel-windows-x86_64 0.1.0 15.00 153.00 168.00 OK
r-patched-linux-x86_64 0.1.0 12.65 141.51 154.16 OK
r-release-linux-x86_64 0.1.0 12.32 140.24 152.56 OK
r-release-macos-arm64 0.1.0 65.00 OK
r-release-macos-x86_64 0.1.0 112.00 OK
r-release-windows-x86_64 0.1.0 15.00 140.00 155.00 OK
r-oldrel-macos-arm64 0.1.0 70.00 OK
r-oldrel-macos-x86_64 0.1.0 133.00 OK
r-oldrel-windows-x86_64 0.1.0 20.00 198.00 218.00 OK

Check Details

Version: 0.1.0
Check: dependencies in R code
Result: NOTE Namespace in Imports field not imported from: ‘speedglm’ All declared Imports should be used. Flavors: r-devel-linux-x86_64-fedora-clang, r-devel-linux-x86_64-fedora-gcc

These binaries (installable software) and packages are in development.
They may not be fully stable and should be used with caution. We make no claims about them.