CRAN Package Check Results for Package trafo

Last updated on 2025-05-08 04:52:21 CEST.

Flavor Version Tinstall Tcheck Ttotal Status Flags
r-devel-linux-x86_64-debian-clang 1.0.1 5.55 53.44 58.99 OK
r-devel-linux-x86_64-debian-gcc 1.0.1 4.15 38.74 42.89 OK
r-devel-linux-x86_64-fedora-clang 1.0.1 96.67 OK
r-devel-linux-x86_64-fedora-gcc 1.0.1 103.85 OK
r-devel-windows-x86_64 1.0.1 9.00 76.00 85.00 OK
r-patched-linux-x86_64 1.0.1 7.61 50.68 58.29 OK
r-release-linux-x86_64 1.0.1 6.24 51.03 57.27 OK
r-release-macos-arm64 1.0.1 49.00 OK
r-release-macos-x86_64 1.0.1 84.00 OK
r-release-windows-x86_64 1.0.1 8.00 77.00 85.00 OK
r-oldrel-macos-arm64 1.0.1 31.00 NOTE
r-oldrel-macos-x86_64 1.0.1 51.00 NOTE
r-oldrel-windows-x86_64 1.0.1 11.00 86.00 97.00 NOTE

Check Details

Version: 1.0.1
Check: LazyData
Result: NOTE 'LazyData' is specified without a 'data' directory Flavors: r-oldrel-macos-arm64, r-oldrel-macos-x86_64, r-oldrel-windows-x86_64

These binaries (installable software) and packages are in development.
They may not be fully stable and should be used with caution. We make no claims about them.