CRAN Package Check Results for Package trafo

Last updated on 2025-07-26 01:51:07 CEST.

Flavor Version Tinstall Tcheck Ttotal Status Flags
r-devel-linux-x86_64-debian-clang 1.0.1 6.83 53.51 60.34 OK
r-devel-linux-x86_64-debian-gcc 1.0.1 4.38 38.48 42.86 OK
r-devel-linux-x86_64-fedora-clang 1.0.1 100.38 OK
r-devel-linux-x86_64-fedora-gcc 1.0.1 103.55 OK
r-devel-windows-x86_64 1.0.1 8.00 88.00 96.00 OK
r-patched-linux-x86_64 1.0.1 6.66 50.37 57.03 OK
r-release-linux-x86_64 1.0.1 6.19 50.51 56.70 OK
r-release-macos-arm64 1.0.1 49.00 OK
r-release-macos-x86_64 1.0.1 84.00 OK
r-release-windows-x86_64 1.0.1 8.00 96.00 104.00 OK
r-oldrel-macos-arm64 1.0.1 31.00 NOTE
r-oldrel-macos-x86_64 1.0.1 51.00 NOTE
r-oldrel-windows-x86_64 1.0.1 11.00 88.00 99.00 NOTE

Check Details

Version: 1.0.1
Check: LazyData
Result: NOTE 'LazyData' is specified without a 'data' directory Flavors: r-oldrel-macos-arm64, r-oldrel-macos-x86_64, r-oldrel-windows-x86_64

These binaries (installable software) and packages are in development.
They may not be fully stable and should be used with caution. We make no claims about them.