CRAN Package Check Results for Package trajectories

Last updated on 2025-11-12 18:50:49 CET.

Flavor Version Tinstall Tcheck Ttotal Status Flags
r-devel-linux-x86_64-debian-clang 0.2-9 12.11 147.81 159.92 NOTE
r-devel-linux-x86_64-debian-gcc 0.2-9 7.60 103.82 111.42 NOTE
r-devel-linux-x86_64-fedora-clang 0.2-9 23.00 224.66 247.66 OK
r-devel-linux-x86_64-fedora-gcc 0.2-9 24.00 231.99 255.99 OK
r-devel-windows-x86_64 0.2-9 14.00 174.00 188.00 OK
r-patched-linux-x86_64 0.2-9 12.51 144.83 157.34 NOTE
r-release-linux-x86_64 0.2-9 10.67 144.10 154.77 NOTE
r-release-macos-arm64 0.2-9 4.00 77.00 81.00 OK
r-release-macos-x86_64 0.2-9 9.00 148.00 157.00 OK
r-release-windows-x86_64 0.2-9 12.00 174.00 186.00 OK
r-oldrel-macos-arm64 0.2-9 5.00 72.00 77.00 NOTE
r-oldrel-macos-x86_64 0.2-9 10.00 164.00 174.00 NOTE
r-oldrel-windows-x86_64 0.2-9 16.00 216.00 232.00 NOTE

Check Details

Version: 0.2-9
Check: for unstated dependencies in ‘demo’
Result: NOTE '::' or ':::' import not declared from: ‘devtools’ 'library' or 'require' calls not declared from: ‘XML’ ‘devtools’ ‘jsonlite’ ‘ks’ ‘maps’ Flavors: r-devel-linux-x86_64-debian-clang, r-devel-linux-x86_64-debian-gcc, r-patched-linux-x86_64, r-release-linux-x86_64

Version: 0.2-9
Check: package dependencies
Result: NOTE Package suggested but not available for checking: ‘taxidata’ Flavors: r-oldrel-macos-arm64, r-oldrel-macos-x86_64, r-oldrel-windows-x86_64

These binaries (installable software) and packages are in development.
They may not be fully stable and should be used with caution. We make no claims about them.