CRAN Package Check Results for Package tramME

Last updated on 2025-05-08 04:52:21 CEST.

Flavor Version Tinstall Tcheck Ttotal Status Flags
r-devel-linux-x86_64-debian-clang 1.0.7 128.54 246.64 375.18 OK
r-devel-linux-x86_64-debian-gcc 1.0.7 111.28 181.85 293.13 OK
r-devel-linux-x86_64-fedora-clang 1.0.7 624.44 OK
r-devel-linux-x86_64-fedora-gcc 1.0.7 728.21 OK
r-devel-windows-x86_64 1.0.7 130.00 334.00 464.00 OK
r-patched-linux-x86_64 1.0.7 154.07 240.43 394.50 OK
r-release-linux-x86_64 1.0.7 146.67 241.27 387.94 OK
r-release-macos-arm64 1.0.7 237.00 OK
r-release-macos-x86_64 1.0.7 394.00 OK
r-release-windows-x86_64 1.0.7 130.00 319.00 449.00 OK
r-oldrel-macos-arm64 1.0.7 174.00 NOTE
r-oldrel-macos-x86_64 1.0.7 342.00 NOTE
r-oldrel-windows-x86_64 1.0.7 158.00 400.00 558.00 NOTE

Check Details

Version: 1.0.7
Check: installed package size
Result: NOTE installed size is 69.1Mb sub-directories of 1Mb or more: doc 2.3Mb libs 66.2Mb Flavors: r-oldrel-macos-arm64, r-oldrel-macos-x86_64, r-oldrel-windows-x86_64

These binaries (installable software) and packages are in development.
They may not be fully stable and should be used with caution. We make no claims about them.