Last updated on 2025-11-24 13:50:17 CET.
| Flavor | Version | Tinstall | Tcheck | Ttotal | Status | Flags |
|---|---|---|---|---|---|---|
| r-devel-linux-x86_64-debian-clang | 1.0.8 | 128.84 | 255.01 | 383.85 | OK | |
| r-devel-linux-x86_64-debian-gcc | 1.0.8 | 118.09 | 185.67 | 303.76 | OK | |
| r-devel-linux-x86_64-fedora-clang | 1.0.8 | 530.00 | 83.70 | 613.70 | OK | |
| r-devel-linux-x86_64-fedora-gcc | 1.0.8 | 660.00 | 59.86 | 719.86 | OK | |
| r-devel-windows-x86_64 | 1.0.8 | 140.00 | 320.00 | 460.00 | OK | |
| r-patched-linux-x86_64 | 1.0.8 | 163.34 | 247.32 | 410.66 | OK | |
| r-release-linux-x86_64 | 1.0.8 | 152.88 | 247.79 | 400.67 | OK | |
| r-release-macos-arm64 | 1.0.8 | OK | ||||
| r-release-macos-x86_64 | 1.0.8 | 123.00 | 277.00 | 400.00 | OK | |
| r-release-windows-x86_64 | 1.0.8 | 127.00 | 364.00 | 491.00 | OK | |
| r-oldrel-macos-arm64 | 1.0.8 | NOTE | ||||
| r-oldrel-macos-x86_64 | 1.0.8 | 116.00 | 268.00 | 384.00 | NOTE | |
| r-oldrel-windows-x86_64 | 1.0.8 | 162.00 | 392.00 | 554.00 | NOTE |
Version: 1.0.8
Check: installed package size
Result: NOTE
installed size is 69.2Mb
sub-directories of 1Mb or more:
doc 2.3Mb
libs 66.3Mb
Flavors: r-oldrel-macos-arm64, r-oldrel-macos-x86_64, r-oldrel-windows-x86_64
These binaries (installable software) and packages are in development.
They may not be fully stable and should be used with caution. We make no claims about them.