Last updated on 2025-07-02 01:51:54 CEST.
Flavor | Version | Tinstall | Tcheck | Ttotal | Status | Flags |
---|---|---|---|---|---|---|
r-devel-linux-x86_64-debian-clang | 0.0-8 | 16.96 | 317.83 | 334.79 | NOTE | |
r-devel-linux-x86_64-debian-gcc | 0.0-8 | 13.00 | 196.54 | 209.54 | NOTE | |
r-devel-linux-x86_64-fedora-clang | 0.0-8 | 548.17 | OK | |||
r-devel-linux-x86_64-fedora-gcc | 0.0-8 | 514.26 | OK | |||
r-devel-windows-x86_64 | 0.0-8 | 19.00 | 317.00 | 336.00 | OK | |
r-patched-linux-x86_64 | OK | |||||
r-release-linux-x86_64 | 0.0-8 | 15.03 | 299.59 | 314.62 | OK | |
r-release-macos-arm64 | 0.0-8 | 143.00 | OK | |||
r-release-macos-x86_64 | 0.0-8 | 285.00 | OK | |||
r-release-windows-x86_64 | 0.0-8 | 19.00 | 320.00 | 339.00 | OK | |
r-oldrel-macos-arm64 | 0.0-8 | 156.00 | OK | |||
r-oldrel-macos-x86_64 | 0.0-8 | 223.00 | OK | |||
r-oldrel-windows-x86_64 | 0.0-8 | 25.00 | 402.00 | 427.00 | OK |
Version: 0.0-8
Check: CRAN incoming feasibility
Result: NOTE
Maintainer: ‘Lucas Kook <lucasheinrich.kook@gmail.com>’
The Description field contains
<doi:10.1111/sjos.12291> and Bischl et al. (2016) <arxiv:1703.03373>,
Please refer to arXiv e-prints via their arXiv DOI <doi:10.48550/arXiv.YYMM.NNNNN>.
Flavors: r-devel-linux-x86_64-debian-clang, r-devel-linux-x86_64-debian-gcc
These binaries (installable software) and packages are in development.
They may not be fully stable and should be used with caution. We make no claims about them.