Last updated on 2024-07-27 15:50:36 CEST.
Flavor | Version | Tinstall | Tcheck | Ttotal | Status | Flags |
---|---|---|---|---|---|---|
r-devel-linux-x86_64-debian-clang | 1.2.2 | 12.26 | 91.90 | 104.16 | NOTE | |
r-devel-linux-x86_64-debian-gcc | 1.2.2 | NOTE | ||||
r-devel-linux-x86_64-fedora-clang | 1.2.2 | 139.23 | NOTE | |||
r-devel-linux-x86_64-fedora-gcc | 1.2.2 | 133.61 | NOTE | |||
r-devel-windows-x86_64 | 1.2.2 | 15.00 | 86.00 | 101.00 | NOTE | |
r-patched-linux-x86_64 | 1.2.2 | NOTE | ||||
r-release-linux-x86_64 | 1.2.2 | 9.64 | 89.18 | 98.82 | NOTE | |
r-release-macos-arm64 | 1.2.2 | 39.00 | NOTE | |||
r-release-macos-x86_64 | 1.2.2 | 58.00 | NOTE | |||
r-release-windows-x86_64 | 1.2.2 | 13.00 | 84.00 | 97.00 | NOTE | |
r-oldrel-macos-arm64 | 1.2.2 | 43.00 | NOTE | |||
r-oldrel-macos-x86_64 | 1.2.2 | 70.00 | NOTE | |||
r-oldrel-windows-x86_64 | 1.2.2 | 18.00 | 99.00 | 117.00 | NOTE |
Version: 1.2.2
Check: LazyData
Result: NOTE
'LazyData' is specified without a 'data' directory
Flavors: r-devel-linux-x86_64-debian-clang, r-devel-linux-x86_64-debian-gcc, r-devel-linux-x86_64-fedora-clang, r-devel-linux-x86_64-fedora-gcc, r-devel-windows-x86_64, r-patched-linux-x86_64, r-release-linux-x86_64, r-release-macos-arm64, r-release-macos-x86_64, r-release-windows-x86_64, r-oldrel-macos-arm64, r-oldrel-macos-x86_64, r-oldrel-windows-x86_64
These binaries (installable software) and packages are in development.
They may not be fully stable and should be used with caution. We make no claims about them.