Last updated on 2024-07-27 15:50:36 CEST.
Flavor | Version | Tinstall | Tcheck | Ttotal | Status | Flags |
---|---|---|---|---|---|---|
r-devel-linux-x86_64-debian-clang | 0.1.5 | 20.76 | 58.85 | 79.61 | NOTE | |
r-devel-linux-x86_64-debian-gcc | 0.1.5 | NOTE | ||||
r-devel-linux-x86_64-fedora-clang | 0.1.5 | 106.29 | NOTE | |||
r-devel-linux-x86_64-fedora-gcc | 0.1.5 | 106.89 | NOTE | |||
r-devel-windows-x86_64 | 0.1.5 | 19.00 | 66.00 | 85.00 | NOTE | |
r-patched-linux-x86_64 | 0.1.5 | OK | ||||
r-release-linux-x86_64 | 0.1.5 | 19.11 | 55.35 | 74.46 | OK | |
r-release-macos-arm64 | 0.1.5 | 28.00 | OK | |||
r-release-macos-x86_64 | 0.1.5 | 41.00 | OK | |||
r-release-windows-x86_64 | 0.1.5 | 19.00 | 65.00 | 84.00 | OK | |
r-oldrel-macos-arm64 | 0.1.5 | 41.00 | OK | |||
r-oldrel-macos-x86_64 | 0.1.5 | 64.00 | OK | |||
r-oldrel-windows-x86_64 | 0.1.5 | 22.00 | 75.00 | 97.00 | OK |
Version: 0.1.5
Check: compiled code
Result: NOTE
File ‘transformr/libs/transformr.so’:
Found non-API calls to R: ‘SETLENGTH’, ‘SET_GROWABLE_BIT’,
‘SET_TRUELENGTH’
Compiled code should not call non-API entry points in R.
See ‘Writing portable packages’ in the ‘Writing R Extensions’ manual,
and section ‘Moving into C API compliance’ for issues with the use of
non-API entry points.
Flavors: r-devel-linux-x86_64-debian-clang, r-devel-linux-x86_64-debian-gcc, r-devel-linux-x86_64-fedora-clang, r-devel-linux-x86_64-fedora-gcc
Version: 0.1.5
Check: compiled code
Result: NOTE
File 'transformr/libs/x64/transformr.dll':
Found non-API calls to R: 'SETLENGTH', 'SET_GROWABLE_BIT',
'SET_TRUELENGTH'
Compiled code should not call non-API entry points in R.
See 'Writing portable packages' in the 'Writing R Extensions' manual,
and section 'Moving into C API compliance' for issues with the use of
non-API entry points.
Flavor: r-devel-windows-x86_64
These binaries (installable software) and packages are in development.
They may not be fully stable and should be used with caution. We make no claims about them.