Last updated on 2025-10-24 05:51:01 CEST.
| Flavor | Version | Tinstall | Tcheck | Ttotal | Status | Flags |
|---|---|---|---|---|---|---|
| r-devel-linux-x86_64-debian-clang | 0.1.1 | 10.11 | 93.88 | 103.99 | NOTE | |
| r-devel-linux-x86_64-debian-gcc | 0.1.1 | 7.86 | 72.13 | 79.99 | NOTE | |
| r-devel-linux-x86_64-fedora-clang | 0.1.1 | 74.00 | 106.09 | 180.09 | OK | |
| r-devel-linux-x86_64-fedora-gcc | 0.1.1 | 48.00 | 122.29 | 170.29 | OK | |
| r-devel-windows-x86_64 | 0.1.1 | 11.00 | 90.00 | 101.00 | OK | |
| r-patched-linux-x86_64 | 0.1.1 | 8.92 | 80.59 | 89.51 | OK | |
| r-release-linux-x86_64 | 0.1.1 | 8.70 | 80.10 | 88.80 | OK | |
| r-release-macos-arm64 | 0.1.1 | 4.00 | 36.00 | 40.00 | OK | |
| r-release-macos-x86_64 | 0.1.1 | 6.00 | 59.00 | 65.00 | OK | |
| r-release-windows-x86_64 | 0.1.1 | 9.00 | 86.00 | 95.00 | OK | |
| r-oldrel-macos-arm64 | 0.1.1 | 4.00 | 37.00 | 41.00 | OK | |
| r-oldrel-macos-x86_64 | 0.1.1 | 6.00 | 46.00 | 52.00 | OK | |
| r-oldrel-windows-x86_64 | 0.1.1 | 14.00 | 112.00 | 126.00 | OK |
Version: 0.1.1
Check: CRAN incoming feasibility
Result: NOTE
Maintainer: ‘Cristhian Paredes <craparedesca@unal.edu.co>’
No Authors@R field in DESCRIPTION.
Please add one, modifying
Authors@R: c(person(given = "Cristhian",
family = "Paredes",
role = c("aut", "cre"),
email = "craparedesca@unal.edu.co"),
person(given = c("Eduardo", "Rodríguez", "de", "San"),
family = "Miguel",
role = "aut"))
as necessary.
Flavors: r-devel-linux-x86_64-debian-clang, r-devel-linux-x86_64-debian-gcc
These binaries (installable software) and packages are in development.
They may not be fully stable and should be used with caution. We make no claims about them.