Last updated on 2025-07-03 03:49:55 CEST.
Flavor | Version | Tinstall | Tcheck | Ttotal | Status | Flags |
---|---|---|---|---|---|---|
r-devel-linux-x86_64-debian-clang | 0.15-4 | 68.36 | 67.54 | 135.90 | OK | |
r-devel-linux-x86_64-debian-gcc | 0.15-4 | 48.56 | 48.16 | 96.72 | OK | |
r-devel-linux-x86_64-fedora-clang | 0.15-4 | 284.33 | OK | |||
r-devel-linux-x86_64-fedora-gcc | 0.15-4 | 224.09 | OK | |||
r-devel-windows-x86_64 | 0.15-4 | 80.00 | 110.00 | 190.00 | OK | |
r-patched-linux-x86_64 | 0.15-4 | 67.98 | 64.16 | 132.14 | OK | |
r-release-linux-x86_64 | 0.15-4 | 67.15 | 63.43 | 130.58 | OK | |
r-release-macos-arm64 | 0.15-4 | 60.00 | OK | |||
r-release-macos-x86_64 | 0.15-4 | 84.00 | OK | |||
r-release-windows-x86_64 | 0.15-4 | 84.00 | 111.00 | 195.00 | OK | |
r-oldrel-macos-arm64 | 0.15-4 | 59.00 | NOTE | |||
r-oldrel-macos-x86_64 | 0.15-4 | 114.00 | NOTE | |||
r-oldrel-windows-x86_64 | 0.15-4 | 97.00 | 135.00 | 232.00 | OK |
Version: 0.15-4
Check: installed package size
Result: NOTE
installed size is 8.8Mb
sub-directories of 1Mb or more:
libs 8.2Mb
Flavors: r-oldrel-macos-arm64, r-oldrel-macos-x86_64
These binaries (installable software) and packages are in development.
They may not be fully stable and should be used with caution. We make no claims about them.