Last updated on 2025-05-01 08:52:48 CEST.
Flavor | Version | Tinstall | Tcheck | Ttotal | Status | Flags |
---|---|---|---|---|---|---|
r-devel-linux-x86_64-debian-clang | 0.15-4 | 69.64 | 66.48 | 136.12 | OK | |
r-devel-linux-x86_64-debian-gcc | 0.15-4 | 47.71 | 47.03 | 94.74 | OK | |
r-devel-linux-x86_64-fedora-clang | 0.15-4 | 272.84 | OK | |||
r-devel-linux-x86_64-fedora-gcc | 0.15-4 | 228.68 | OK | |||
r-devel-windows-x86_64 | 0.15-4 | 86.00 | 114.00 | 200.00 | OK | |
r-patched-linux-x86_64 | 0.15-4 | 66.78 | 62.82 | 129.60 | OK | |
r-release-linux-x86_64 | OK | |||||
r-release-macos-arm64 | 0.15-4 | 60.00 | OK | |||
r-release-macos-x86_64 | 0.15-4 | 84.00 | OK | |||
r-release-windows-x86_64 | 0.15-4 | 86.00 | 122.00 | 208.00 | OK | |
r-oldrel-macos-arm64 | 0.15-4 | 59.00 | NOTE | |||
r-oldrel-macos-x86_64 | 0.15-4 | 114.00 | NOTE | |||
r-oldrel-windows-x86_64 | 0.15-4 | 94.00 | 136.00 | 230.00 | OK |
Version: 0.15-4
Check: installed package size
Result: NOTE
installed size is 8.8Mb
sub-directories of 1Mb or more:
libs 8.2Mb
Flavors: r-oldrel-macos-arm64, r-oldrel-macos-x86_64
These binaries (installable software) and packages are in development.
They may not be fully stable and should be used with caution. We make no claims about them.