Last updated on 2025-07-25 01:49:42 CEST.
Flavor | Version | Tinstall | Tcheck | Ttotal | Status | Flags |
---|---|---|---|---|---|---|
r-devel-linux-x86_64-debian-clang | 0.0.1 | 3.28 | 50.57 | 53.85 | OK | |
r-devel-linux-x86_64-debian-gcc | 0.0.1 | 2.19 | 39.34 | 41.53 | OK | |
r-devel-linux-x86_64-fedora-clang | 0.0.1 | 92.40 | OK | |||
r-devel-linux-x86_64-fedora-gcc | 0.0.1 | 97.92 | OK | |||
r-devel-windows-x86_64 | 0.0.1 | 4.00 | 94.00 | 98.00 | OK | |
r-patched-linux-x86_64 | 0.0.1 | 3.51 | 48.60 | 52.11 | OK | |
r-release-linux-x86_64 | 0.0.1 | 3.08 | 49.39 | 52.47 | OK | |
r-release-macos-arm64 | 0.0.1 | 39.00 | OK | |||
r-release-macos-x86_64 | 0.0.1 | 64.00 | OK | |||
r-release-windows-x86_64 | 0.0.1 | 5.00 | 84.00 | 89.00 | OK | |
r-oldrel-macos-arm64 | 0.0.1 | 30.00 | NOTE | |||
r-oldrel-macos-x86_64 | 0.0.1 | 49.00 | NOTE | |||
r-oldrel-windows-x86_64 | 0.0.1 | 6.00 | 94.00 | 100.00 | NOTE |
Version: 0.0.1
Check: LazyData
Result: NOTE
'LazyData' is specified without a 'data' directory
Flavors: r-oldrel-macos-arm64, r-oldrel-macos-x86_64, r-oldrel-windows-x86_64
These binaries (installable software) and packages are in development.
They may not be fully stable and should be used with caution. We make no claims about them.