Last updated on 2025-02-23 01:51:57 CET.
Flavor | Version | Tinstall | Tcheck | Ttotal | Status | Flags |
---|---|---|---|---|---|---|
r-devel-linux-x86_64-debian-clang | 0.2.2 | 3.67 | 84.12 | 87.79 | OK | |
r-devel-linux-x86_64-debian-gcc | 0.2.2 | 2.35 | 64.67 | 67.02 | OK | |
r-devel-linux-x86_64-fedora-clang | 0.2.2 | 154.33 | OK | |||
r-devel-linux-x86_64-fedora-gcc | 0.2.2 | 162.57 | OK | |||
r-devel-macos-arm64 | 0.2.2 | 63.00 | OK | |||
r-devel-macos-x86_64 | 0.2.2 | 111.00 | OK | |||
r-devel-windows-x86_64 | 0.2.2 | 5.00 | 177.00 | 182.00 | OK | |
r-patched-linux-x86_64 | 0.2.2 | 3.33 | 82.35 | 85.68 | NOTE | |
r-release-linux-x86_64 | 0.2.2 | 2.79 | 82.12 | 84.91 | NOTE | |
r-release-macos-arm64 | 0.2.2 | 64.00 | NOTE | |||
r-release-macos-x86_64 | 0.2.2 | 86.00 | NOTE | |||
r-release-windows-x86_64 | 0.2.2 | 6.00 | 175.00 | 181.00 | NOTE | |
r-oldrel-macos-arm64 | 0.2.2 | 69.00 | NOTE | |||
r-oldrel-macos-x86_64 | 0.2.2 | 101.00 | NOTE | |||
r-oldrel-windows-x86_64 | 0.2.2 | 6.00 | 179.00 | 185.00 | NOTE |
Version: 0.2.2
Check: LazyData
Result: NOTE
'LazyData' is specified without a 'data' directory
Flavors: r-patched-linux-x86_64, r-release-linux-x86_64, r-release-macos-arm64, r-release-macos-x86_64, r-release-windows-x86_64, r-oldrel-macos-arm64, r-oldrel-macos-x86_64, r-oldrel-windows-x86_64
These binaries (installable software) and packages are in development.
They may not be fully stable and should be used with caution. We make no claims about them.