Last updated on 2025-10-09 21:50:36 CEST.
Flavor | Version | Tinstall | Tcheck | Ttotal | Status | Flags |
---|---|---|---|---|---|---|
r-devel-linux-x86_64-debian-clang | 0.2 | 2.73 | 30.59 | 33.32 | OK | |
r-devel-linux-x86_64-debian-gcc | 0.2 | 2.21 | 27.48 | 29.69 | OK | |
r-devel-linux-x86_64-fedora-clang | 0.2 | 52.76 | NOTE | |||
r-devel-linux-x86_64-fedora-gcc | 0.2 | 53.91 | NOTE | |||
r-devel-windows-x86_64 | 0.2 | 7.00 | 50.00 | 57.00 | OK | |
r-patched-linux-x86_64 | 0.2 | 2.67 | 34.22 | 36.89 | OK | |
r-release-linux-x86_64 | 0.2 | 2.60 | 34.37 | 36.97 | OK | |
r-release-macos-arm64 | 0.2 | 23.00 | OK | |||
r-release-macos-x86_64 | 0.2 | 36.00 | OK | |||
r-release-windows-x86_64 | 0.2 | 7.00 | 53.00 | 60.00 | OK | |
r-oldrel-macos-arm64 | 0.2 | 26.00 | OK | |||
r-oldrel-macos-x86_64 | 0.2 | 38.00 | OK | |||
r-oldrel-windows-x86_64 | 0.2 | 9.00 | 50.00 | 59.00 | OK |
Version: 0.2
Check: compiled code
Result: NOTE
File ‘trc/libs/trc.so’:
Found no calls to: ‘R_registerRoutines’, ‘R_useDynamicSymbols’
It is good practice to register native routines and to disable symbol
search.
See ‘Writing portable packages’ in the ‘Writing R Extensions’ manual.
Flavors: r-devel-linux-x86_64-fedora-clang, r-devel-linux-x86_64-fedora-gcc
These binaries (installable software) and packages are in development.
They may not be fully stable and should be used with caution. We make no claims about them.