CRAN Package Check Results for Package treats

Last updated on 2025-07-25 01:49:42 CEST.

Flavor Version Tinstall Tcheck Ttotal Status Flags
r-devel-linux-x86_64-debian-clang 1.1.6 17.94 145.54 163.48 OK
r-devel-linux-x86_64-debian-gcc 1.1.6 12.46 103.00 115.46 OK
r-devel-linux-x86_64-fedora-clang 1.1.6 292.28 OK
r-devel-linux-x86_64-fedora-gcc 1.1.6 250.18 OK
r-devel-windows-x86_64 1.1.6 21.00 152.00 173.00 OK
r-patched-linux-x86_64 1.1.6 18.12 137.92 156.04 OK
r-release-linux-x86_64 1.1.6 17.36 139.01 156.37 OK
r-release-macos-arm64 1.1.6 59.00 OK
r-release-macos-x86_64 1.1.6 136.00 OK
r-release-windows-x86_64 1.1.6 19.00 153.00 172.00 OK
r-oldrel-macos-arm64 1.1.6 73.00 OK
r-oldrel-macos-x86_64 1.1.6 162.00 NOTE
r-oldrel-windows-x86_64 1.1.6 24.00 196.00 220.00 OK

Check Details

Version: 1.1.6
Check: R code for possible problems
Result: NOTE Fatal error: cannot create 'R_TempDir' Flavor: r-oldrel-macos-x86_64

These binaries (installable software) and packages are in development.
They may not be fully stable and should be used with caution. We make no claims about them.