Last updated on 2025-02-16 08:51:04 CET.
Flavor | Version | Tinstall | Tcheck | Ttotal | Status | Flags |
---|---|---|---|---|---|---|
r-devel-linux-x86_64-debian-clang | 0.1.1 | 25.86 | 45.17 | 71.03 | NOTE | |
r-devel-linux-x86_64-debian-gcc | 0.1.1 | 19.73 | 34.02 | 53.75 | NOTE | |
r-devel-linux-x86_64-fedora-clang | 0.1.1 | 130.18 | NOTE | |||
r-devel-linux-x86_64-fedora-gcc | 0.1.1 | 144.52 | NOTE | |||
r-devel-macos-arm64 | 0.1.1 | 41.00 | NOTE | |||
r-devel-macos-x86_64 | 0.1.1 | 76.00 | NOTE | |||
r-devel-windows-x86_64 | 0.1.1 | 28.00 | 81.00 | 109.00 | NOTE | |
r-patched-linux-x86_64 | 0.1.1 | 24.90 | 42.76 | 67.66 | NOTE | |
r-release-linux-x86_64 | 0.1.1 | 26.19 | 43.04 | 69.23 | NOTE | |
r-release-macos-arm64 | 0.1.1 | 40.00 | NOTE | |||
r-release-macos-x86_64 | 0.1.1 | 56.00 | NOTE | |||
r-release-windows-x86_64 | 0.1.1 | 29.00 | 87.00 | 116.00 | NOTE | |
r-oldrel-macos-arm64 | 0.1.1 | 48.00 | NOTE | |||
r-oldrel-macos-x86_64 | 0.1.1 | 77.00 | NOTE | |||
r-oldrel-windows-x86_64 | 0.1.1 | 36.00 | 98.00 | 134.00 | NOTE |
Version: 0.1.1
Check: C++ specification
Result: NOTE
Specified C++11: please drop specification unless essential
Flavors: r-devel-linux-x86_64-debian-clang, r-devel-linux-x86_64-debian-gcc, r-devel-linux-x86_64-fedora-clang, r-devel-linux-x86_64-fedora-gcc, r-devel-macos-arm64, r-devel-macos-x86_64, r-devel-windows-x86_64, r-patched-linux-x86_64, r-release-linux-x86_64, r-release-macos-arm64, r-release-macos-x86_64, r-release-windows-x86_64, r-oldrel-macos-arm64, r-oldrel-macos-x86_64, r-oldrel-windows-x86_64
These binaries (installable software) and packages are in development.
They may not be fully stable and should be used with caution. We make no claims about them.