CRAN Package Check Results for Package treeDbalance

Last updated on 2025-10-30 13:48:52 CET.

Flavor Version Tinstall Tcheck Ttotal Status Flags
r-devel-linux-x86_64-debian-clang 1.0.1 2.84 29.27 32.11 NOTE
r-devel-linux-x86_64-debian-gcc 1.0.1 2.19 22.47 24.66 NOTE
r-devel-linux-x86_64-fedora-clang 1.0.1 50.56 OK
r-devel-linux-x86_64-fedora-gcc 1.0.1 47.57 OK
r-devel-windows-x86_64 1.0.1 6.00 92.00 98.00 OK
r-patched-linux-x86_64 1.0.1 3.81 27.27 31.08 OK
r-release-linux-x86_64 1.0.1 3.09 27.24 30.33 OK
r-release-macos-arm64 1.0.1 2.00 17.00 19.00 OK
r-release-macos-x86_64 1.0.1 3.00 26.00 29.00 OK
r-release-windows-x86_64 1.0.1 8.00 48.00 56.00 OK
r-oldrel-macos-arm64 1.0.1 2.00 16.00 18.00 OK
r-oldrel-macos-x86_64 1.0.1 3.00 22.00 25.00 OK
r-oldrel-windows-x86_64 1.0.1 7.00 57.00 64.00 OK

Check Details

Version: 1.0.1
Check: CRAN incoming feasibility
Result: NOTE Maintainer: ‘Sophie Kersting <sophie_kersting@gmx.de>’ The Description field contains Kersting, and L. Kühn (2023) <arXiv:2307.14537>, which provides precise Please refer to arXiv e-prints via their arXiv DOI <doi:10.48550/arXiv.YYMM.NNNNN>. Flavors: r-devel-linux-x86_64-debian-clang, r-devel-linux-x86_64-debian-gcc

These binaries (installable software) and packages are in development.
They may not be fully stable and should be used with caution. We make no claims about them.