Last updated on 2025-02-02 14:48:37 CET.
Flavor | Version | Tinstall | Tcheck | Ttotal | Status | Flags |
---|---|---|---|---|---|---|
r-devel-linux-x86_64-debian-clang | 0.2.1 | 39.78 | 370.97 | 410.75 | OK | |
r-devel-linux-x86_64-debian-gcc | 0.2.1 | 26.70 | 262.58 | 289.28 | OK | |
r-devel-linux-x86_64-fedora-clang | 0.2.1 | 476.87 | OK | |||
r-devel-linux-x86_64-fedora-gcc | 0.2.1 | 632.84 | OK | |||
r-devel-windows-x86_64 | 0.2.1 | 38.00 | 293.00 | 331.00 | OK | |
r-patched-linux-x86_64 | 0.2.1 | 37.98 | 338.03 | 376.01 | OK | |
r-release-linux-x86_64 | 0.2.1 | 40.09 | 338.11 | 378.20 | OK | |
r-release-macos-arm64 | 0.2.1 | 186.00 | OK | |||
r-release-macos-x86_64 | 0.2.1 | 251.00 | OK | |||
r-release-windows-x86_64 | 0.2.1 | 38.00 | 292.00 | 330.00 | OK | |
r-oldrel-macos-arm64 | 0.2.1 | 9.00 | ERROR | |||
r-oldrel-macos-x86_64 | 0.2.1 | 12.00 | ERROR | |||
r-oldrel-windows-x86_64 | 0.2.1 | 53.00 | 397.00 | 450.00 | OK |
Version: 0.2.1
Check: package dependencies
Result: ERROR
Packages required but not available: 'csaw', 'HiCDOC'
See section ‘The DESCRIPTION file’ in the ‘Writing R Extensions’
manual.
Flavors: r-oldrel-macos-arm64, r-oldrel-macos-x86_64
These binaries (installable software) and packages are in development.
They may not be fully stable and should be used with caution. We make no claims about them.