Last updated on 2025-05-21 21:49:34 CEST.
Flavor | Version | Tinstall | Tcheck | Ttotal | Status | Flags |
---|---|---|---|---|---|---|
r-devel-linux-x86_64-debian-clang | 0.3.1 | 23.73 | 65.32 | 89.05 | NOTE | |
r-devel-linux-x86_64-debian-gcc | 0.3.1 | 17.94 | 46.52 | 64.46 | NOTE | |
r-devel-linux-x86_64-fedora-clang | 0.3.1 | 161.00 | NOTE | |||
r-devel-linux-x86_64-fedora-gcc | 0.3.1 | 155.26 | NOTE | |||
r-devel-windows-x86_64 | 0.3.1 | 32.00 | 107.00 | 139.00 | NOTE | |
r-patched-linux-x86_64 | 0.3.1 | 25.01 | 62.04 | 87.05 | NOTE | |
r-release-linux-x86_64 | 0.3.1 | 25.67 | 62.73 | 88.40 | NOTE | |
r-release-macos-arm64 | 0.3.1 | 40.00 | NOTE | |||
r-release-macos-x86_64 | 0.3.1 | 64.00 | NOTE | |||
r-release-windows-x86_64 | 0.3.1 | 33.00 | 95.00 | 128.00 | NOTE | |
r-oldrel-macos-arm64 | 0.3.1 | 42.00 | OK | |||
r-oldrel-macos-x86_64 | 0.3.1 | 58.00 | OK | |||
r-oldrel-windows-x86_64 | 0.3.1 | 38.00 | 121.00 | 159.00 | OK |
Version: 0.3.1
Check: DESCRIPTION meta-information
Result: NOTE
Missing dependency on R >= 4.1.0 because package code uses the pipe
|> or function shorthand \(...) syntax added in R 4.1.0.
File(s) using such syntax:
‘ranger_surv.unify.Rd’
Flavors: r-devel-linux-x86_64-debian-clang, r-devel-linux-x86_64-debian-gcc, r-devel-linux-x86_64-fedora-clang, r-devel-linux-x86_64-fedora-gcc, r-devel-windows-x86_64, r-patched-linux-x86_64, r-release-linux-x86_64, r-release-macos-arm64, r-release-macos-x86_64, r-release-windows-x86_64
These binaries (installable software) and packages are in development.
They may not be fully stable and should be used with caution. We make no claims about them.