Last updated on 2025-05-28 21:50:26 CEST.
Flavor | Version | Tinstall | Tcheck | Ttotal | Status | Flags |
---|---|---|---|---|---|---|
r-devel-linux-x86_64-debian-clang | 0.1.0 | 11.14 | 30.81 | 41.95 | NOTE | |
r-devel-linux-x86_64-debian-gcc | 0.1.0 | 7.87 | 23.94 | 31.81 | NOTE | |
r-devel-linux-x86_64-fedora-clang | 0.1.0 | 73.50 | OK | |||
r-devel-linux-x86_64-fedora-gcc | 0.1.0 | 101.82 | OK | |||
r-devel-windows-x86_64 | 0.1.0 | 15.00 | 66.00 | 81.00 | OK | |
r-patched-linux-x86_64 | 0.1.0 | 10.03 | 30.24 | 40.27 | OK | |
r-release-linux-x86_64 | 0.1.0 | 9.69 | 30.39 | 40.08 | OK | |
r-release-macos-arm64 | 0.1.0 | 58.00 | OK | |||
r-release-macos-x86_64 | 0.1.0 | 79.00 | OK | |||
r-release-windows-x86_64 | 0.1.0 | 15.00 | 69.00 | 84.00 | OK | |
r-oldrel-macos-arm64 | 0.1.0 | 44.00 | OK | |||
r-oldrel-macos-x86_64 | 0.1.0 | 56.00 | OK | |||
r-oldrel-windows-x86_64 | 0.1.0 | 17.00 | 78.00 | 95.00 | OK |
Version: 0.1.0
Check: CRAN incoming feasibility
Result: NOTE
Maintainer: ‘Erik Volz <erik.volz@gmail.com>’
No Authors@R field in DESCRIPTION.
Please add one, modifying
Authors@R: person(given = "Erik",
family = "Volz",
role = c("aut", "cre"),
email = "erik.volz@gmail.com")
as necessary.
Flavors: r-devel-linux-x86_64-debian-clang, r-devel-linux-x86_64-debian-gcc
These binaries (installable software) and packages are in development.
They may not be fully stable and should be used with caution. We make no claims about them.