CRAN Package Check Results for Package tremendousr

Last updated on 2025-02-23 03:50:57 CET.

Flavor Version Tinstall Tcheck Ttotal Status Flags
r-devel-linux-x86_64-debian-clang 1.0.0 2.75 24.86 27.61 OK
r-devel-linux-x86_64-debian-gcc 1.0.0 1.48 19.51 20.99 OK
r-devel-linux-x86_64-fedora-clang 1.0.0 49.12 NOTE
r-devel-linux-x86_64-fedora-gcc 1.0.0 56.56 NOTE
r-devel-macos-arm64 1.0.0 23.00 OK
r-devel-macos-x86_64 1.0.0 45.00 OK
r-devel-windows-x86_64 1.0.0 3.00 49.00 52.00 OK
r-patched-linux-x86_64 1.0.0 2.35 23.65 26.00 OK
r-release-linux-x86_64 1.0.0 2.17 23.84 26.01 OK
r-release-macos-arm64 1.0.0 22.00 OK
r-release-macos-x86_64 1.0.0 39.00 OK
r-release-windows-x86_64 1.0.0 4.00 46.00 50.00 OK
r-oldrel-macos-arm64 1.0.0 25.00 OK
r-oldrel-macos-x86_64 1.0.0 36.00 OK
r-oldrel-windows-x86_64 1.0.0 5.00 47.00 52.00 OK

Check Details

Version: 1.0.0
Check: dependencies in R code
Result: NOTE Namespace in Imports field not imported from: ‘crul’ All declared Imports should be used. Flavors: r-devel-linux-x86_64-fedora-clang, r-devel-linux-x86_64-fedora-gcc

These binaries (installable software) and packages are in development.
They may not be fully stable and should be used with caution. We make no claims about them.