Last updated on 2025-10-23 15:50:17 CEST.
Flavor | Version | Tinstall | Tcheck | Ttotal | Status | Flags |
---|---|---|---|---|---|---|
r-devel-linux-x86_64-debian-clang | 1.0.0 | 2.66 | 27.81 | 30.47 | NOTE | |
r-devel-linux-x86_64-debian-gcc | 1.0.0 | 1.90 | 22.78 | 24.68 | OK | |
r-devel-linux-x86_64-fedora-clang | 1.0.0 | 15.00 | 32.85 | 47.85 | NOTE | |
r-devel-linux-x86_64-fedora-gcc | 1.0.0 | 59.06 | NOTE | |||
r-devel-windows-x86_64 | 1.0.0 | 4.00 | 46.00 | 50.00 | OK | |
r-patched-linux-x86_64 | 1.0.0 | 2.67 | 25.42 | 28.09 | OK | |
r-release-linux-x86_64 | 1.0.0 | 1.96 | 25.61 | 27.57 | OK | |
r-release-macos-arm64 | 1.0.0 | 1.00 | 25.00 | 26.00 | OK | |
r-release-macos-x86_64 | 1.0.0 | 3.00 | 44.00 | 47.00 | OK | |
r-release-windows-x86_64 | 1.0.0 | 5.00 | 48.00 | 53.00 | OK | |
r-oldrel-macos-arm64 | 1.0.0 | 1.00 | 21.00 | 22.00 | OK | |
r-oldrel-macos-x86_64 | 1.0.0 | 2.00 | 37.00 | 39.00 | OK | |
r-oldrel-windows-x86_64 | 1.0.0 | 5.00 | 54.00 | 59.00 | OK |
Version: 1.0.0
Check: HTML version of manual
Result: NOTE
Found the following HTML validation problems:
tremendous_client.html:178:1 (tremendous_client.Rd:100): Warning: missing </ul> before </div>
tremendous_client.html:126:1 (tremendous_client.Rd:72): Warning: <h5> anchor "Usage" already defined
tremendous_client.html:132:1 (tremendous_client.Rd:76): Warning: <h5> anchor "Arguments" already defined
tremendous_client.html:155:1 (tremendous_client.Rd:89): Warning: <h5> anchor "Usage" already defined
tremendous_client.html:161:1 (tremendous_client.Rd:93): Warning: <h5> anchor "Arguments" already defined
Flavor: r-devel-linux-x86_64-debian-clang
Version: 1.0.0
Check: dependencies in R code
Result: NOTE
Namespace in Imports field not imported from: ‘crul’
All declared Imports should be used.
Flavors: r-devel-linux-x86_64-fedora-clang, r-devel-linux-x86_64-fedora-gcc
These binaries (installable software) and packages are in development.
They may not be fully stable and should be used with caution. We make no claims about them.