CRAN Package Check Results for Package tremendousr

Last updated on 2025-05-08 04:52:21 CEST.

Flavor Version Tinstall Tcheck Ttotal Status Flags
r-devel-linux-x86_64-debian-clang 1.0.0 2.72 26.16 28.88 OK
r-devel-linux-x86_64-debian-gcc 1.0.0 1.75 21.01 22.76 OK
r-devel-linux-x86_64-fedora-clang 1.0.0 45.52 NOTE
r-devel-linux-x86_64-fedora-gcc 1.0.0 58.26 NOTE
r-devel-windows-x86_64 1.0.0 4.00 48.00 52.00 OK
r-patched-linux-x86_64 1.0.0 2.79 24.35 27.14 OK
r-release-linux-x86_64 1.0.0 1.98 24.29 26.27 OK
r-release-macos-arm64 1.0.0 26.00 OK
r-release-macos-x86_64 1.0.0 47.00 OK
r-release-windows-x86_64 1.0.0 4.00 51.00 55.00 OK
r-oldrel-macos-arm64 1.0.0 22.00 OK
r-oldrel-macos-x86_64 1.0.0 39.00 OK
r-oldrel-windows-x86_64 1.0.0 5.00 54.00 59.00 OK

Check Details

Version: 1.0.0
Check: dependencies in R code
Result: NOTE Namespace in Imports field not imported from: ‘crul’ All declared Imports should be used. Flavors: r-devel-linux-x86_64-fedora-clang, r-devel-linux-x86_64-fedora-gcc

These binaries (installable software) and packages are in development.
They may not be fully stable and should be used with caution. We make no claims about them.