CRAN Package Check Results for Package trendeval

Last updated on 2025-02-16 08:51:04 CET.

Flavor Version Tinstall Tcheck Ttotal Status Flags
r-devel-linux-x86_64-debian-clang 0.1.0 11.23 91.14 102.37 NOTE
r-devel-linux-x86_64-debian-gcc 0.1.0 7.09 65.44 72.53 NOTE
r-devel-linux-x86_64-fedora-clang 0.1.0 162.47 OK
r-devel-linux-x86_64-fedora-gcc 0.1.0 147.47 OK
r-devel-macos-arm64 0.1.0 50.00 OK
r-devel-macos-x86_64 0.1.0 82.00 OK
r-devel-windows-x86_64 0.1.0 10.00 102.00 112.00 NOTE
r-patched-linux-x86_64 0.1.0 15.90 84.65 100.55 OK
r-release-linux-x86_64 0.1.0 10.08 85.23 95.31 OK
r-release-macos-arm64 0.1.0 45.00 OK
r-release-macos-x86_64 0.1.0 71.00 OK
r-release-windows-x86_64 0.1.0 12.00 94.00 106.00 OK
r-oldrel-macos-arm64 0.1.0 46.00 OK
r-oldrel-macos-x86_64 0.1.0 81.00 OK
r-oldrel-windows-x86_64 0.1.0 15.00 114.00 129.00 OK

Check Details

Version: 0.1.0
Check: Rd cross-references
Result: NOTE Found the following Rd file(s) with Rd \link{} targets missing package anchors: calculate_mae.Rd: trending_model calculate_rmse.Rd: trending_model calculate_rsq.Rd: trending_model Please provide package anchors for all Rd \link{} targets not in the package itself and the base packages. Flavors: r-devel-linux-x86_64-debian-clang, r-devel-linux-x86_64-debian-gcc, r-devel-windows-x86_64

These binaries (installable software) and packages are in development.
They may not be fully stable and should be used with caution. We make no claims about them.