Last updated on 2025-02-16 08:51:04 CET.
Flavor | Version | Tinstall | Tcheck | Ttotal | Status | Flags |
---|---|---|---|---|---|---|
r-devel-linux-x86_64-debian-clang | 0.1.0 | 11.16 | 109.15 | 120.31 | OK | |
r-devel-linux-x86_64-debian-gcc | 0.1.0 | 6.42 | 78.76 | 85.18 | OK | |
r-devel-linux-x86_64-fedora-clang | 0.1.0 | 190.43 | OK | |||
r-devel-linux-x86_64-fedora-gcc | 0.1.0 | 195.73 | OK | |||
r-devel-macos-arm64 | 0.1.0 | 61.00 | OK | |||
r-devel-macos-x86_64 | 0.1.0 | 128.00 | OK | |||
r-devel-windows-x86_64 | 0.1.0 | 12.00 | 123.00 | 135.00 | OK | |
r-patched-linux-x86_64 | 0.1.0 | 10.18 | 101.71 | 111.89 | OK | |
r-release-linux-x86_64 | 0.1.0 | 9.10 | 101.53 | 110.63 | OK | |
r-release-macos-arm64 | 0.1.0 | 61.00 | OK | |||
r-release-macos-x86_64 | 0.1.0 | 86.00 | OK | |||
r-release-windows-x86_64 | 0.1.0 | 11.00 | 113.00 | 124.00 | OK | |
r-oldrel-macos-arm64 | 0.1.0 | 65.00 | OK | |||
r-oldrel-macos-x86_64 | 0.1.0 | 105.00 | NOTE | |||
r-oldrel-windows-x86_64 | 0.1.0 | 15.00 | 155.00 | 170.00 | OK |
Version: 0.1.0
Check: package dependencies
Result: NOTE
Package suggested but not available for checking: ‘brms’
Flavor: r-oldrel-macos-x86_64
Version: 0.1.0
Check: Rd cross-references
Result: NOTE
Package unavailable to check Rd xrefs: ‘brms’
Flavor: r-oldrel-macos-x86_64
These binaries (installable software) and packages are in development.
They may not be fully stable and should be used with caution. We make no claims about them.