CRAN Package Check Results for Package triact

Last updated on 2025-07-20 21:51:42 CEST.

Flavor Version Tinstall Tcheck Ttotal Status Flags
r-devel-linux-x86_64-debian-clang 0.3.1 5.99 61.61 67.60 OK
r-devel-linux-x86_64-debian-gcc 0.3.1 4.05 46.72 50.77 OK
r-devel-linux-x86_64-fedora-clang 0.3.1 113.40 OK
r-devel-linux-x86_64-fedora-gcc 0.3.1 118.99 OK
r-devel-windows-x86_64 0.3.1 8.00 86.00 94.00 OK
r-patched-linux-x86_64 0.3.1 6.17 53.53 59.70 OK
r-release-linux-x86_64 0.3.1 4.38 53.76 58.14 OK
r-release-macos-arm64 0.3.1 83.00 OK
r-release-macos-x86_64 0.3.1 114.00 OK
r-release-windows-x86_64 0.3.1 7.00 88.00 95.00 OK
r-oldrel-macos-arm64 0.3.1 62.00 NOTE
r-oldrel-macos-x86_64 0.3.1 144.00 NOTE
r-oldrel-windows-x86_64 0.3.1 10.00 105.00 115.00 NOTE

Check Details

Version: 0.3.1
Check: installed package size
Result: NOTE installed size is 17.7Mb sub-directories of 1Mb or more: data 1.3Mb doc 1.3Mb extdata 14.8Mb Flavors: r-oldrel-macos-arm64, r-oldrel-macos-x86_64, r-oldrel-windows-x86_64

These binaries (installable software) and packages are in development.
They may not be fully stable and should be used with caution. We make no claims about them.