Last updated on 2025-05-01 08:52:49 CEST.
Flavor | Version | Tinstall | Tcheck | Ttotal | Status | Flags |
---|---|---|---|---|---|---|
r-devel-linux-x86_64-debian-clang | 0.4.1 | 44.35 | 31.22 | 75.57 | NOTE | |
r-devel-linux-x86_64-debian-gcc | 0.4.1 | 38.21 | 24.80 | 63.01 | NOTE | |
r-devel-linux-x86_64-fedora-clang | 0.4.1 | 146.93 | OK | |||
r-devel-linux-x86_64-fedora-gcc | 0.4.1 | 171.46 | OK | |||
r-devel-windows-x86_64 | 0.4.1 | 61.00 | 82.00 | 143.00 | OK | |
r-patched-linux-x86_64 | 0.4.1 | 47.91 | 30.03 | 77.94 | OK | |
r-release-linux-x86_64 | OK | |||||
r-release-macos-arm64 | 0.4.1 | 48.00 | OK | |||
r-release-macos-x86_64 | 0.4.1 | 81.00 | OK | |||
r-release-windows-x86_64 | 0.4.1 | 60.00 | 89.00 | 149.00 | OK | |
r-oldrel-macos-arm64 | 0.4.1 | 52.00 | OK | |||
r-oldrel-macos-x86_64 | 0.4.1 | 71.00 | OK | |||
r-oldrel-windows-x86_64 | 0.4.1 | 67.00 | 85.00 | 152.00 | OK |
Version: 0.4.1
Check: CRAN incoming feasibility
Result: NOTE
Maintainer: ‘Os Keyes <ironholds@gmail.com>’
No Authors@R field in DESCRIPTION.
Please add one, modifying
Authors@R: c(person(given = "Os",
family = "Keyes",
role = c("aut", "cre"),
email = "ironholds@gmail.com"),
person(given = "Drew",
family = "Schmidt",
role = "aut"),
person(given = "Yuuki",
family = "Takano",
role = "cph"))
as necessary.
Flavors: r-devel-linux-x86_64-debian-clang, r-devel-linux-x86_64-debian-gcc
These binaries (installable software) and packages are in development.
They may not be fully stable and should be used with caution. We make no claims about them.