CRAN Package Check Results for Package trimmer

Last updated on 2025-10-23 15:50:17 CEST.

Flavor Version Tinstall Tcheck Ttotal Status Flags
r-devel-linux-x86_64-debian-clang 0.8.1 4.01 39.89 43.90 OK
r-devel-linux-x86_64-debian-gcc 0.8.1 2.89 29.79 32.68 OK
r-devel-linux-x86_64-fedora-clang 0.8.1 24.00 46.86 70.86 OK
r-devel-linux-x86_64-fedora-gcc 0.8.1 13.00 66.19 79.19 OK
r-devel-windows-x86_64 0.8.1 5.00 54.00 59.00 OK
r-patched-linux-x86_64 0.8.1 3.70 36.72 40.42 OK
r-release-linux-x86_64 0.8.1 3.69 36.90 40.59 OK
r-release-macos-arm64 0.8.1 2.00 33.00 35.00 OK
r-release-macos-x86_64 0.8.1 3.00 52.00 55.00 OK
r-release-windows-x86_64 0.8.1 7.00 56.00 63.00 OK
r-oldrel-macos-arm64 0.8.1 2.00 26.00 28.00 NOTE
r-oldrel-macos-x86_64 0.8.1 3.00 47.00 50.00 NOTE
r-oldrel-windows-x86_64 0.8.1 7.00 64.00 71.00 NOTE

Check Details

Version: 0.8.1
Check: LazyData
Result: NOTE 'LazyData' is specified without a 'data' directory Flavors: r-oldrel-macos-arm64, r-oldrel-macos-x86_64, r-oldrel-windows-x86_64

These binaries (installable software) and packages are in development.
They may not be fully stable and should be used with caution. We make no claims about them.