Last updated on 2025-11-13 05:51:10 CET.
| Flavor | Version | Tinstall | Tcheck | Ttotal | Status | Flags |
|---|---|---|---|---|---|---|
| r-devel-linux-x86_64-debian-clang | 0.8.1 | 3.95 | 39.70 | 43.65 | OK | |
| r-devel-linux-x86_64-debian-gcc | 0.8.1 | 2.99 | 30.14 | 33.13 | OK | |
| r-devel-linux-x86_64-fedora-clang | 0.8.1 | 67.33 | OK | |||
| r-devel-linux-x86_64-fedora-gcc | 0.8.1 | 16.00 | 65.99 | 81.99 | OK | |
| r-devel-windows-x86_64 | 0.8.1 | 6.00 | 53.00 | 59.00 | OK | |
| r-patched-linux-x86_64 | 0.8.1 | 3.74 | 36.93 | 40.67 | OK | |
| r-release-linux-x86_64 | 0.8.1 | 3.29 | 36.68 | 39.97 | OK | |
| r-release-macos-arm64 | 0.8.1 | 2.00 | 33.00 | 35.00 | OK | |
| r-release-macos-x86_64 | 0.8.1 | 3.00 | 52.00 | 55.00 | OK | |
| r-release-windows-x86_64 | 0.8.1 | 5.00 | 54.00 | 59.00 | OK | |
| r-oldrel-macos-arm64 | 0.8.1 | 2.00 | 26.00 | 28.00 | NOTE | |
| r-oldrel-macos-x86_64 | 0.8.1 | 3.00 | 47.00 | 50.00 | NOTE | |
| r-oldrel-windows-x86_64 | 0.8.1 | 6.00 | 65.00 | 71.00 | NOTE |
Version: 0.8.1
Check: LazyData
Result: NOTE
'LazyData' is specified without a 'data' directory
Flavors: r-oldrel-macos-arm64, r-oldrel-macos-x86_64, r-oldrel-windows-x86_64
These binaries (installable software) and packages are in development.
They may not be fully stable and should be used with caution. We make no claims about them.