Last updated on 2025-07-04 09:50:08 CEST.
Flavor | Version | Tinstall | Tcheck | Ttotal | Status | Flags |
---|---|---|---|---|---|---|
r-devel-linux-x86_64-debian-clang | 0.0-46 | 8.64 | 70.27 | 78.91 | NOTE | |
r-devel-linux-x86_64-debian-gcc | 0.0-46 | 6.22 | 51.10 | 57.32 | NOTE | |
r-devel-linux-x86_64-fedora-clang | 0.0-46 | 139.87 | OK | |||
r-devel-linux-x86_64-fedora-gcc | 0.0-46 | 116.27 | OK | |||
r-devel-windows-x86_64 | 0.0-46 | 9.00 | 79.00 | 88.00 | OK | |
r-patched-linux-x86_64 | 0.0-46 | 9.57 | 67.51 | 77.08 | OK | |
r-release-linux-x86_64 | 0.0-46 | 8.18 | 67.98 | 76.16 | OK | |
r-release-macos-arm64 | 0.0-46 | 41.00 | OK | |||
r-release-macos-x86_64 | 0.0-46 | 75.00 | OK | |||
r-release-windows-x86_64 | 0.0-46 | 10.00 | 79.00 | 89.00 | OK | |
r-oldrel-macos-arm64 | 0.0-46 | 35.00 | OK | |||
r-oldrel-macos-x86_64 | 0.0-46 | 53.00 | OK | |||
r-oldrel-windows-x86_64 | 0.0-46 | 13.00 | 98.00 | 111.00 | OK |
Version: 0.0-46
Check: CRAN incoming feasibility
Result: NOTE
Maintainer: ‘Michael D. Sumner <mdsumner@gmail.com>’
The BugReports field in DESCRIPTION has
https://github.com/Trackage/tripEstimation
which should likely be
https://github.com/Trackage/tripEstimation/issues
instead.
Flavors: r-devel-linux-x86_64-debian-clang, r-devel-linux-x86_64-debian-gcc
These binaries (installable software) and packages are in development.
They may not be fully stable and should be used with caution. We make no claims about them.