Last updated on 2025-05-01 15:49:47 CEST.
Flavor | Version | Tinstall | Tcheck | Ttotal | Status | Flags |
---|---|---|---|---|---|---|
r-devel-linux-x86_64-debian-clang | 0.0-46 | 7.97 | 69.76 | 77.73 | NOTE | |
r-devel-linux-x86_64-debian-gcc | 0.0-46 | 6.60 | 54.31 | 60.91 | NOTE | |
r-devel-linux-x86_64-fedora-clang | 0.0-46 | 119.48 | OK | |||
r-devel-linux-x86_64-fedora-gcc | 0.0-46 | 114.45 | OK | |||
r-devel-windows-x86_64 | 0.0-46 | 10.00 | 84.00 | 94.00 | OK | |
r-patched-linux-x86_64 | 0.0-46 | 8.74 | 66.51 | 75.25 | OK | |
r-release-linux-x86_64 | OK | |||||
r-release-macos-arm64 | 0.0-46 | 41.00 | OK | |||
r-release-macos-x86_64 | 0.0-46 | 75.00 | OK | |||
r-release-windows-x86_64 | 0.0-46 | 10.00 | 88.00 | 98.00 | OK | |
r-oldrel-macos-arm64 | 0.0-46 | 35.00 | OK | |||
r-oldrel-macos-x86_64 | 0.0-46 | 53.00 | OK | |||
r-oldrel-windows-x86_64 | 0.0-46 | 13.00 | 94.00 | 107.00 | OK |
Version: 0.0-46
Check: CRAN incoming feasibility
Result: NOTE
Maintainer: ‘Michael D. Sumner <mdsumner@gmail.com>’
The BugReports field in DESCRIPTION has
https://github.com/Trackage/tripEstimation
which should likely be
https://github.com/Trackage/tripEstimation/issues
instead.
Flavors: r-devel-linux-x86_64-debian-clang, r-devel-linux-x86_64-debian-gcc
These binaries (installable software) and packages are in development.
They may not be fully stable and should be used with caution. We make no claims about them.