Last updated on 2024-07-27 15:50:36 CEST.
Flavor | Version | Tinstall | Tcheck | Ttotal | Status | Flags |
---|---|---|---|---|---|---|
r-devel-linux-x86_64-debian-clang | 1.3-9.1 | 10.47 | 40.78 | 51.25 | OK | |
r-devel-linux-x86_64-debian-gcc | 1.3-9.1 | OK | ||||
r-devel-linux-x86_64-fedora-clang | 1.3-9.1 | 65.09 | NOTE | |||
r-devel-linux-x86_64-fedora-gcc | 1.3-9.1 | 61.30 | OK | |||
r-devel-windows-x86_64 | 1.3-9.1 | 11.00 | 63.00 | 74.00 | OK | |
r-patched-linux-x86_64 | 1.3-9.1 | OK | ||||
r-release-linux-x86_64 | 1.3-9.1 | 7.35 | 39.48 | 46.83 | OK | |
r-release-macos-arm64 | 1.3-9.1 | 21.00 | OK | |||
r-release-macos-x86_64 | 1.3-9.1 | 32.00 | OK | |||
r-release-windows-x86_64 | 1.3-9.1 | 11.00 | 63.00 | 74.00 | OK | |
r-oldrel-macos-arm64 | 1.3-9.1 | 25.00 | OK | |||
r-oldrel-macos-x86_64 | 1.3-9.1 | 37.00 | OK | |||
r-oldrel-windows-x86_64 | 1.3-9.1 | 13.00 | 68.00 | 81.00 | OK |
Version: 1.3-9.1
Check: Rd cross-references
Result: NOTE
Undeclared package ‘akima’ in Rd xrefs
Flavor: r-devel-linux-x86_64-fedora-clang
These binaries (installable software) and packages are in development.
They may not be fully stable and should be used with caution. We make no claims about them.