Last updated on 2025-11-12 18:50:49 CET.
| Flavor | Version | Tinstall | Tcheck | Ttotal | Status | Flags |
|---|---|---|---|---|---|---|
| r-devel-linux-x86_64-debian-clang | 1.1.0 | 7.30 | 61.21 | 68.51 | OK | |
| r-devel-linux-x86_64-debian-gcc | 1.1.0 | 5.00 | 43.13 | 48.13 | OK | |
| r-devel-linux-x86_64-fedora-clang | 1.1.0 | 18.00 | 87.74 | 105.74 | OK | |
| r-devel-linux-x86_64-fedora-gcc | 1.1.0 | 35.00 | 70.37 | 105.37 | OK | |
| r-devel-windows-x86_64 | 1.1.0 | 9.00 | 76.00 | 85.00 | OK | |
| r-patched-linux-x86_64 | 1.1.0 | 6.64 | 56.24 | 62.88 | OK | |
| r-release-linux-x86_64 | 1.1.0 | 6.76 | 56.89 | 63.65 | OK | |
| r-release-macos-arm64 | 1.1.0 | 3.00 | 29.00 | 32.00 | OK | |
| r-release-macos-x86_64 | 1.1.0 | 6.00 | 50.00 | 56.00 | OK | |
| r-release-windows-x86_64 | 1.1.0 | 10.00 | 75.00 | 85.00 | OK | |
| r-oldrel-macos-arm64 | 1.1.0 | 3.00 | 29.00 | 32.00 | NOTE | |
| r-oldrel-macos-x86_64 | 1.1.0 | 8.00 | 68.00 | 76.00 | NOTE | |
| r-oldrel-windows-x86_64 | 1.1.0 | 11.00 | 90.00 | 101.00 | NOTE |
Version: 1.1.0
Check: package dependencies
Result: NOTE
Packages suggested but not available for checking: 'rrelaxiv', 'gurobi'
Flavors: r-oldrel-macos-arm64, r-oldrel-macos-x86_64, r-oldrel-windows-x86_64
These binaries (installable software) and packages are in development.
They may not be fully stable and should be used with caution. We make no claims about them.