CRAN Package Check Results for Package triplot

Last updated on 2025-07-25 01:49:42 CEST.

Flavor Version Tinstall Tcheck Ttotal Status Flags
r-devel-linux-x86_64-debian-clang 1.3.0 9.55 105.57 115.12 NOTE
r-devel-linux-x86_64-debian-gcc 1.3.0 6.68 73.22 79.90 NOTE
r-devel-linux-x86_64-fedora-clang 1.3.0 194.23 OK
r-devel-linux-x86_64-fedora-gcc 1.3.0 169.84 OK
r-devel-windows-x86_64 1.3.0 12.00 118.00 130.00 OK
r-patched-linux-x86_64 1.3.0 8.84 99.41 108.25 OK
r-release-linux-x86_64 1.3.0 8.79 100.19 108.98 OK
r-release-macos-arm64 1.3.0 53.00 OK
r-release-macos-x86_64 1.3.0 103.00 OK
r-release-windows-x86_64 1.3.0 11.00 111.00 122.00 OK
r-oldrel-macos-arm64 1.3.0 53.00 NOTE
r-oldrel-macos-x86_64 1.3.0 78.00 NOTE
r-oldrel-windows-x86_64 1.3.0 14.00 144.00 158.00 NOTE

Check Details

Version: 1.3.0
Check: CRAN incoming feasibility
Result: NOTE Maintainer: ‘Katarzyna Pekala <katarzyna.pekala@gmail.com>’ The Description field contains models. Find more details in Biecek (2018) <arXiv:1806.08915>. Please refer to arXiv e-prints via their arXiv DOI <doi:10.48550/arXiv.YYMM.NNNNN>. Flavors: r-devel-linux-x86_64-debian-clang, r-devel-linux-x86_64-debian-gcc

Version: 1.3.0
Check: LazyData
Result: NOTE 'LazyData' is specified without a 'data' directory Flavors: r-oldrel-macos-arm64, r-oldrel-macos-x86_64, r-oldrel-windows-x86_64

These binaries (installable software) and packages are in development.
They may not be fully stable and should be used with caution. We make no claims about them.