CRAN Package Check Results for Package triplot

Last updated on 2025-05-22 03:50:54 CEST.

Flavor Version Tinstall Tcheck Ttotal Status Flags
r-devel-linux-x86_64-debian-clang 1.3.0 10.38 107.63 118.01 NOTE
r-devel-linux-x86_64-debian-gcc 1.3.0 6.25 75.72 81.97 NOTE
r-devel-linux-x86_64-fedora-clang 1.3.0 184.22 OK
r-devel-linux-x86_64-fedora-gcc 1.3.0 176.55 OK
r-devel-windows-x86_64 1.3.0 12.00 107.00 119.00 OK
r-patched-linux-x86_64 1.3.0 10.20 100.81 111.01 OK
r-release-linux-x86_64 1.3.0 10.16 100.59 110.75 OK
r-release-macos-arm64 1.3.0 53.00 OK
r-release-macos-x86_64 1.3.0 103.00 OK
r-release-windows-x86_64 1.3.0 12.00 112.00 124.00 OK
r-oldrel-macos-arm64 1.3.0 53.00 NOTE
r-oldrel-macos-x86_64 1.3.0 78.00 NOTE
r-oldrel-windows-x86_64 1.3.0 15.00 142.00 157.00 NOTE

Check Details

Version: 1.3.0
Check: CRAN incoming feasibility
Result: NOTE Maintainer: ‘Katarzyna Pekala <katarzyna.pekala@gmail.com>’ The Description field contains models. Find more details in Biecek (2018) <arXiv:1806.08915>. Please refer to arXiv e-prints via their arXiv DOI <doi:10.48550/arXiv.YYMM.NNNNN>. Flavors: r-devel-linux-x86_64-debian-clang, r-devel-linux-x86_64-debian-gcc

Version: 1.3.0
Check: LazyData
Result: NOTE 'LazyData' is specified without a 'data' directory Flavors: r-oldrel-macos-arm64, r-oldrel-macos-x86_64, r-oldrel-windows-x86_64

These binaries (installable software) and packages are in development.
They may not be fully stable and should be used with caution. We make no claims about them.