Last updated on 2025-05-21 23:48:59 CEST.
Flavor | Version | Tinstall | Tcheck | Ttotal | Status | Flags |
---|---|---|---|---|---|---|
r-devel-linux-x86_64-debian-clang | 0.1.3 | 15.76 | 96.36 | 112.12 | OK | |
r-devel-linux-x86_64-debian-gcc | 0.1.3 | 12.05 | 65.50 | 77.55 | OK | |
r-devel-linux-x86_64-fedora-clang | 0.1.3 | 179.05 | OK | |||
r-devel-linux-x86_64-fedora-gcc | 0.1.3 | 171.86 | OK | |||
r-devel-windows-x86_64 | 0.1.3 | 21.00 | 120.00 | 141.00 | OK | |
r-patched-linux-x86_64 | 0.1.3 | 16.94 | 89.25 | 106.19 | OK | |
r-release-linux-x86_64 | 0.1.3 | 17.39 | 87.89 | 105.28 | OK | |
r-release-macos-arm64 | 0.1.3 | 8.00 | ERROR | |||
r-release-macos-x86_64 | 0.1.3 | 12.00 | ERROR | |||
r-release-windows-x86_64 | 0.1.3 | 21.00 | 107.00 | 128.00 | OK | |
r-oldrel-macos-arm64 | 0.1.3 | 12.00 | ERROR | |||
r-oldrel-macos-x86_64 | 0.1.3 | 13.00 | ERROR | |||
r-oldrel-windows-x86_64 | 0.1.3 | 27.00 | 138.00 | 165.00 | OK |
Version: 0.1.3
Check: whether package can be installed
Result: ERROR
Installation failed.
Flavors: r-release-macos-arm64, r-release-macos-x86_64, r-oldrel-macos-arm64, r-oldrel-macos-x86_64
These binaries (installable software) and packages are in development.
They may not be fully stable and should be used with caution. We make no claims about them.