Last updated on 2025-10-24 01:50:44 CEST.
| Flavor | Version | Tinstall | Tcheck | Ttotal | Status | Flags |
|---|---|---|---|---|---|---|
| r-devel-linux-x86_64-debian-clang | 0.1.3 | 17.84 | 127.82 | 145.66 | OK | |
| r-devel-linux-x86_64-debian-gcc | 0.1.3 | 12.41 | 80.63 | 93.04 | OK | |
| r-devel-linux-x86_64-fedora-clang | 0.1.3 | 122.00 | 118.53 | 240.53 | OK | |
| r-devel-linux-x86_64-fedora-gcc | 0.1.3 | 56.00 | 162.62 | 218.62 | OK | |
| r-devel-windows-x86_64 | 0.1.3 | 21.00 | 128.00 | 149.00 | OK | |
| r-patched-linux-x86_64 | 0.1.3 | 17.03 | 115.62 | 132.65 | OK | |
| r-release-linux-x86_64 | 0.1.3 | 16.70 | 117.13 | 133.83 | OK | |
| r-release-macos-arm64 | 0.1.3 | 1.00 | 5.00 | 6.00 | ERROR | |
| r-release-macos-x86_64 | 0.1.3 | 6.00 | 7.00 | 13.00 | ERROR | |
| r-release-windows-x86_64 | 0.1.3 | 24.00 | 125.00 | 149.00 | OK | |
| r-oldrel-macos-arm64 | 0.1.3 | 1.00 | 10.00 | 11.00 | ERROR | |
| r-oldrel-macos-x86_64 | 0.1.3 | 4.00 | 16.00 | 20.00 | ERROR | |
| r-oldrel-windows-x86_64 | 0.1.3 | 26.00 | 162.00 | 188.00 | OK |
Version: 0.1.3
Check: whether package can be installed
Result: ERROR
Installation failed.
Flavors: r-release-macos-arm64, r-release-macos-x86_64, r-oldrel-macos-arm64, r-oldrel-macos-x86_64
These binaries (installable software) and packages are in development.
They may not be fully stable and should be used with caution. We make no claims about them.