CRAN Package Check Results for Package troopdata

Last updated on 2025-05-08 04:52:21 CEST.

Flavor Version Tinstall Tcheck Ttotal Status Flags
r-devel-linux-x86_64-debian-clang 1.0.2 4.66 37.11 41.77 NOTE
r-devel-linux-x86_64-debian-gcc 1.0.2 3.42 27.05 30.47 NOTE
r-devel-linux-x86_64-fedora-clang 1.0.2 64.78 NOTE
r-devel-linux-x86_64-fedora-gcc 1.0.2 61.38 NOTE
r-devel-windows-x86_64 1.0.2 7.00 54.00 61.00 NOTE
r-patched-linux-x86_64 1.0.2 5.20 33.38 38.58 NOTE
r-release-linux-x86_64 1.0.2 4.85 33.34 38.19 NOTE
r-release-macos-arm64 1.0.2 22.00 NOTE
r-release-macos-x86_64 1.0.2 37.00 NOTE
r-release-windows-x86_64 1.0.2 7.00 52.00 59.00 NOTE
r-oldrel-macos-arm64 1.0.2 23.00 OK
r-oldrel-macos-x86_64 1.0.2 38.00 OK
r-oldrel-windows-x86_64 1.0.2 8.00 63.00 71.00 OK

Check Details

Version: 1.0.2
Check: DESCRIPTION meta-information
Result: NOTE Missing dependency on R >= 4.1.0 because package code uses the pipe |> or function shorthand \(...) syntax added in R 4.1.0. File(s) using such syntax: ‘get_troopdata.R’ Flavors: r-devel-linux-x86_64-debian-clang, r-devel-linux-x86_64-debian-gcc, r-devel-linux-x86_64-fedora-clang, r-devel-linux-x86_64-fedora-gcc, r-devel-windows-x86_64, r-patched-linux-x86_64, r-release-linux-x86_64, r-release-macos-arm64, r-release-macos-x86_64, r-release-windows-x86_64

These binaries (installable software) and packages are in development.
They may not be fully stable and should be used with caution. We make no claims about them.