Last updated on 2025-02-16 08:51:04 CET.
Flavor | Version | Tinstall | Tcheck | Ttotal | Status | Flags |
---|---|---|---|---|---|---|
r-devel-linux-x86_64-debian-clang | 1.0.2 | 4.76 | 34.78 | 39.54 | NOTE | |
r-devel-linux-x86_64-debian-gcc | 1.0.2 | 3.55 | 25.51 | 29.06 | NOTE | |
r-devel-linux-x86_64-fedora-clang | 1.0.2 | 63.41 | NOTE | |||
r-devel-linux-x86_64-fedora-gcc | 1.0.2 | 58.84 | NOTE | |||
r-devel-macos-arm64 | 1.0.2 | 22.00 | OK | |||
r-devel-macos-x86_64 | 1.0.2 | 47.00 | NOTE | |||
r-devel-windows-x86_64 | 1.0.2 | 6.00 | 55.00 | 61.00 | NOTE | |
r-patched-linux-x86_64 | 1.0.2 | 4.68 | 32.53 | 37.21 | OK | |
r-release-linux-x86_64 | 1.0.2 | 4.66 | 32.06 | 36.72 | OK | |
r-release-macos-arm64 | 1.0.2 | 23.00 | OK | |||
r-release-macos-x86_64 | 1.0.2 | 38.00 | OK | |||
r-release-windows-x86_64 | 1.0.2 | 7.00 | 54.00 | 61.00 | OK | |
r-oldrel-macos-arm64 | 1.0.2 | 27.00 | OK | |||
r-oldrel-macos-x86_64 | 1.0.2 | 41.00 | OK | |||
r-oldrel-windows-x86_64 | 1.0.2 | 8.00 | 62.00 | 70.00 | OK |
Version: 1.0.2
Check: DESCRIPTION meta-information
Result: NOTE
Missing dependency on R >= 4.1.0 because package code uses the pipe
|> or function shorthand \(...) syntax added in R 4.1.0.
File(s) using such syntax:
‘get_troopdata.R’
Flavors: r-devel-linux-x86_64-debian-clang, r-devel-linux-x86_64-debian-gcc, r-devel-linux-x86_64-fedora-clang, r-devel-linux-x86_64-fedora-gcc, r-devel-macos-x86_64, r-devel-windows-x86_64
These binaries (installable software) and packages are in development.
They may not be fully stable and should be used with caution. We make no claims about them.