Last updated on 2025-11-11 17:50:16 CET.
| Flavor | Version | Tinstall | Tcheck | Ttotal | Status | Flags |
|---|---|---|---|---|---|---|
| r-devel-linux-x86_64-debian-clang | 0.1.1 | 2.00 | 19.54 | 21.54 | OK | |
| r-devel-linux-x86_64-debian-gcc | 0.1.1 | 1.55 | 16.31 | 17.86 | OK | |
| r-devel-linux-x86_64-fedora-clang | 0.1.1 | 31.60 | OK | |||
| r-devel-linux-x86_64-fedora-gcc | 0.1.1 | 31.28 | OK | |||
| r-devel-windows-x86_64 | 0.1.1 | 3.00 | 35.00 | 38.00 | OK | |
| r-patched-linux-x86_64 | 0.1.1 | 2.12 | 18.72 | 20.84 | OK | |
| r-release-linux-x86_64 | 0.1.1 | 1.81 | 18.66 | 20.47 | OK | |
| r-release-macos-arm64 | 0.1.1 | 1.00 | 13.00 | 14.00 | OK | |
| r-release-macos-x86_64 | 0.1.1 | 2.00 | 23.00 | 25.00 | OK | |
| r-release-windows-x86_64 | 0.1.1 | 3.00 | 35.00 | 38.00 | OK | |
| r-oldrel-macos-arm64 | 0.1.1 | 1.00 | 12.00 | 13.00 | NOTE | |
| r-oldrel-macos-x86_64 | 0.1.1 | 2.00 | 18.00 | 20.00 | NOTE | |
| r-oldrel-windows-x86_64 | 0.1.1 | 3.00 | 38.00 | 41.00 | NOTE |
Version: 0.1.1
Check: LazyData
Result: NOTE
'LazyData' is specified without a 'data' directory
Flavors: r-oldrel-macos-arm64, r-oldrel-macos-x86_64, r-oldrel-windows-x86_64
These binaries (installable software) and packages are in development.
They may not be fully stable and should be used with caution. We make no claims about them.