CRAN Package Check Results for Package trotter

Last updated on 2025-07-01 15:50:04 CEST.

Flavor Version Tinstall Tcheck Ttotal Status Flags
r-devel-linux-x86_64-debian-clang 0.6 2.85 21.92 24.77 NOTE
r-devel-linux-x86_64-debian-gcc 0.6 2.40 18.04 20.44 NOTE
r-devel-linux-x86_64-fedora-clang 0.6 37.36 NOTE
r-devel-linux-x86_64-fedora-gcc 0.6 36.22 NOTE
r-devel-windows-x86_64 0.6 4.00 44.00 48.00 NOTE
r-patched-linux-x86_64 NOTE
r-release-linux-x86_64 0.6 2.70 20.62 23.32 NOTE
r-release-macos-arm64 0.6 16.00 NOTE
r-release-macos-x86_64 0.6 30.00 NOTE
r-release-windows-x86_64 0.6 3.00 47.00 50.00 NOTE
r-oldrel-macos-arm64 0.6 15.00 NOTE
r-oldrel-macos-x86_64 0.6 22.00 NOTE
r-oldrel-windows-x86_64 0.6 4.00 44.00 48.00 NOTE

Check Details

Version: 0.6
Check: CRAN incoming feasibility
Result: NOTE Maintainer: ‘Richard Ambler <rambler@ibwya.net>’ No Authors@R field in DESCRIPTION. Please add one, modifying Authors@R: person(given = "Richard", family = "Ambler", role = c("aut", "cre"), email = "rambler@ibwya.net") as necessary. Flavors: r-devel-linux-x86_64-debian-clang, r-devel-linux-x86_64-debian-gcc

Version: 0.6
Check: DESCRIPTION meta-information
Result: NOTE Malformed Title field: should not end in a period. Flavors: r-devel-linux-x86_64-debian-clang, r-devel-linux-x86_64-debian-gcc, r-devel-linux-x86_64-fedora-clang, r-devel-linux-x86_64-fedora-gcc, r-devel-windows-x86_64, r-patched-linux-x86_64, r-release-linux-x86_64, r-release-macos-arm64, r-release-macos-x86_64, r-release-windows-x86_64, r-oldrel-macos-arm64, r-oldrel-macos-x86_64, r-oldrel-windows-x86_64

These binaries (installable software) and packages are in development.
They may not be fully stable and should be used with caution. We make no claims about them.