CRAN Package Check Results for Package trotter

Last updated on 2025-11-11 17:50:16 CET.

Flavor Version Tinstall Tcheck Ttotal Status Flags
r-devel-linux-x86_64-debian-clang 0.6 2.91 22.96 25.87 NOTE
r-devel-linux-x86_64-debian-gcc 0.6 2.08 18.09 20.17 NOTE
r-devel-linux-x86_64-fedora-clang 0.6 37.84 NOTE
r-devel-linux-x86_64-fedora-gcc 0.6 15.00 22.71 37.71 NOTE
r-devel-windows-x86_64 0.6 5.00 42.00 47.00 NOTE
r-patched-linux-x86_64 0.6 2.74 21.80 24.54 NOTE
r-release-linux-x86_64 0.6 3.05 21.67 24.72 NOTE
r-release-macos-arm64 0.6 1.00 15.00 16.00 NOTE
r-release-macos-x86_64 0.6 3.00 27.00 30.00 NOTE
r-release-windows-x86_64 0.6 4.00 41.00 45.00 NOTE
r-oldrel-macos-arm64 0.6 1.00 14.00 15.00 NOTE
r-oldrel-macos-x86_64 0.6 2.00 20.00 22.00 NOTE
r-oldrel-windows-x86_64 0.6 4.00 44.00 48.00 NOTE

Check Details

Version: 0.6
Check: CRAN incoming feasibility
Result: NOTE Maintainer: ‘Richard Ambler <rambler@ibwya.net>’ No Authors@R field in DESCRIPTION. Please add one, modifying Authors@R: person(given = "Richard", family = "Ambler", role = c("aut", "cre"), email = "rambler@ibwya.net") as necessary. Flavors: r-devel-linux-x86_64-debian-clang, r-devel-linux-x86_64-debian-gcc

Version: 0.6
Check: DESCRIPTION meta-information
Result: NOTE Malformed Title field: should not end in a period. Flavors: r-devel-linux-x86_64-debian-clang, r-devel-linux-x86_64-debian-gcc, r-devel-linux-x86_64-fedora-clang, r-devel-linux-x86_64-fedora-gcc, r-devel-windows-x86_64, r-patched-linux-x86_64, r-release-linux-x86_64, r-release-macos-arm64, r-release-macos-x86_64, r-release-windows-x86_64, r-oldrel-macos-arm64, r-oldrel-macos-x86_64, r-oldrel-windows-x86_64

These binaries (installable software) and packages are in development.
They may not be fully stable and should be used with caution. We make no claims about them.