Last updated on 2024-07-27 15:50:36 CEST.
Flavor | Version | Tinstall | Tcheck | Ttotal | Status | Flags |
---|---|---|---|---|---|---|
r-devel-linux-x86_64-debian-clang | 0.1.1 | 7.33 | 233.42 | 240.75 | OK | |
r-devel-linux-x86_64-debian-gcc | 0.1.1 | NOTE | ||||
r-devel-linux-x86_64-fedora-clang | 0.1.1 | 314.26 | OK | |||
r-devel-linux-x86_64-fedora-gcc | 0.1.1 | 331.47 | OK | |||
r-devel-windows-x86_64 | 0.1.1 | 9.00 | 240.00 | 249.00 | NOTE | |
r-patched-linux-x86_64 | 0.1.1 | OK | ||||
r-release-linux-x86_64 | 0.1.1 | 8.25 | 245.75 | 254.00 | OK | |
r-release-macos-arm64 | 0.1.1 | 89.00 | OK | |||
r-release-macos-x86_64 | 0.1.1 | 131.00 | OK | |||
r-release-windows-x86_64 | 0.1.1 | 8.00 | 239.00 | 247.00 | OK | |
r-oldrel-macos-arm64 | 0.1.1 | 175.00 | OK | |||
r-oldrel-macos-x86_64 | 0.1.1 | 252.00 | OK | |||
r-oldrel-windows-x86_64 | 0.1.1 | 11.00 | 256.00 | 267.00 | OK |
Version: 0.1.1
Check: Rd cross-references
Result: NOTE
Found the following Rd file(s) with Rd \link{} targets missing package
anchors:
dwmw.Rd: merMod-class
fstruction.Rd: merMod-class
Please provide package anchors for all Rd \link{} targets not in the
package itself and the base packages.
Flavors: r-devel-linux-x86_64-debian-gcc, r-devel-windows-x86_64
These binaries (installable software) and packages are in development.
They may not be fully stable and should be used with caution. We make no claims about them.