Last updated on 2025-02-16 08:51:04 CET.
Flavor | Version | Tinstall | Tcheck | Ttotal | Status | Flags |
---|---|---|---|---|---|---|
r-devel-linux-x86_64-debian-clang | 0.1.3 | 261.48 | 97.91 | 359.39 | OK | |
r-devel-linux-x86_64-debian-gcc | 0.1.3 | 162.48 | 69.37 | 231.85 | OK | |
r-devel-linux-x86_64-fedora-clang | 0.1.3 | 475.42 | OK | |||
r-devel-linux-x86_64-fedora-gcc | 0.1.3 | 584.87 | OK | |||
r-devel-macos-arm64 | 0.1.3 | 123.00 | OK | |||
r-devel-macos-x86_64 | 0.1.3 | 236.00 | OK | |||
r-devel-windows-x86_64 | 0.1.3 | 155.00 | 147.00 | 302.00 | OK | |
r-patched-linux-x86_64 | 0.1.3 | 210.36 | 93.14 | 303.50 | OK | |
r-release-linux-x86_64 | 0.1.3 | 218.21 | 95.74 | 313.95 | OK | |
r-release-macos-arm64 | 0.1.3 | 133.00 | NOTE | |||
r-release-macos-x86_64 | 0.1.3 | 296.00 | NOTE | |||
r-release-windows-x86_64 | 0.1.3 | 158.00 | 148.00 | 306.00 | OK | |
r-oldrel-macos-arm64 | 0.1.2 | 128.00 | NOTE | |||
r-oldrel-macos-x86_64 | 0.1.3 | 201.00 | NOTE | |||
r-oldrel-windows-x86_64 | 0.1.3 | 166.00 | 171.00 | 337.00 | OK |
Version: 0.1.3
Check: installed package size
Result: NOTE
installed size is 28.3Mb
sub-directories of 1Mb or more:
libs 27.6Mb
Flavors: r-release-macos-arm64, r-release-macos-x86_64, r-oldrel-macos-x86_64
Version: 0.1.2
Check: installed package size
Result: NOTE
installed size is 27.4Mb
sub-directories of 1Mb or more:
libs 26.7Mb
Flavor: r-oldrel-macos-arm64
These binaries (installable software) and packages are in development.
They may not be fully stable and should be used with caution. We make no claims about them.