CRAN Package Check Results for Package trud

Last updated on 2025-05-08 04:52:21 CEST.

Flavor Version Tinstall Tcheck Ttotal Status Flags
r-devel-linux-x86_64-debian-clang 0.1.0 1.53 23.78 25.31 NOTE
r-devel-linux-x86_64-debian-gcc 0.1.0 1.17 18.72 19.89 NOTE
r-devel-linux-x86_64-fedora-clang 0.1.0 37.05 NOTE
r-devel-linux-x86_64-fedora-gcc 0.1.0 35.81 NOTE
r-devel-windows-x86_64 0.1.0 4.00 44.00 48.00 NOTE
r-patched-linux-x86_64 0.1.0 2.00 21.32 23.32 NOTE
r-release-linux-x86_64 0.1.0 1.87 21.01 22.88 NOTE
r-release-macos-arm64 0.1.0 17.00 NOTE
r-release-macos-x86_64 0.1.0 26.00 NOTE
r-release-windows-x86_64 0.1.0 4.00 44.00 48.00 NOTE
r-oldrel-macos-arm64 0.1.0 17.00 OK
r-oldrel-macos-x86_64 0.1.0 32.00 OK
r-oldrel-windows-x86_64 0.1.0 4.00 49.00 53.00 OK

Check Details

Version: 0.1.0
Check: DESCRIPTION meta-information
Result: NOTE Missing dependency on R >= 4.1.0 because package code uses the pipe |> or function shorthand \(...) syntax added in R 4.1.0. File(s) using such syntax: ‘get_item_metadata.R’ ‘get_subscribed_metadata.R’ Flavors: r-devel-linux-x86_64-debian-clang, r-devel-linux-x86_64-debian-gcc, r-devel-linux-x86_64-fedora-clang, r-devel-linux-x86_64-fedora-gcc, r-devel-windows-x86_64, r-patched-linux-x86_64, r-release-linux-x86_64, r-release-macos-arm64, r-release-macos-x86_64, r-release-windows-x86_64

These binaries (installable software) and packages are in development.
They may not be fully stable and should be used with caution. We make no claims about them.