Last updated on 2025-10-09 17:50:56 CEST.
Flavor | Version | Tinstall | Tcheck | Ttotal | Status | Flags |
---|---|---|---|---|---|---|
r-devel-linux-x86_64-debian-clang | 1.0.1 | 6.67 | 63.58 | 70.25 | NOTE | |
r-devel-linux-x86_64-debian-gcc | 1.0.1 | 5.04 | 49.75 | 54.79 | NOTE | |
r-devel-linux-x86_64-fedora-clang | 1.0.1 | 112.31 | OK | |||
r-devel-linux-x86_64-fedora-gcc | 1.0.1 | 102.74 | OK | |||
r-devel-windows-x86_64 | 1.0.1 | 7.00 | 83.00 | 90.00 | OK | |
r-patched-linux-x86_64 | 1.0.1 | 6.51 | 60.45 | 66.96 | OK | |
r-release-linux-x86_64 | 1.0.1 | 6.70 | 60.57 | 67.27 | OK | |
r-release-macos-arm64 | 1.0.1 | 38.00 | OK | |||
r-release-macos-x86_64 | 1.0.1 | 70.00 | OK | |||
r-release-windows-x86_64 | 1.0.1 | 8.00 | 92.00 | 100.00 | OK | |
r-oldrel-macos-arm64 | 1.0.1 | 35.00 | OK | |||
r-oldrel-macos-x86_64 | 1.0.1 | 53.00 | OK | |||
r-oldrel-windows-x86_64 | 1.0.1 | 10.00 | 92.00 | 102.00 | OK |
Version: 1.0.1
Check: CRAN incoming feasibility
Result: NOTE
Maintainer: ‘Yuyao Wang <yuw079@ucsd.edu>’
The Description field contains
dependent left truncation" <arXiv:2208.06836>.
Please refer to arXiv e-prints via their arXiv DOI <doi:10.48550/arXiv.YYMM.NNNNN>.
Flavors: r-devel-linux-x86_64-debian-clang, r-devel-linux-x86_64-debian-gcc
These binaries (installable software) and packages are in development.
They may not be fully stable and should be used with caution. We make no claims about them.